


{"id":26,"date":"2007-01-31T19:42:19","date_gmt":"2007-01-31T18:42:19","guid":{"rendered":"http:\/\/westenberger.info\/?page_id=26"},"modified":"2026-02-15T19:50:46","modified_gmt":"2026-02-15T19:50:46","slug":"faqs","status":"publish","type":"page","link":"https:\/\/blogs.gm.fh-koeln.de\/westenberger\/organisatorisches\/faqs\/","title":{"rendered":"FAQs"},"content":{"rendered":"<p class=\"lead\"><strong>Frage<\/strong>: Herr Westenberger, was muss ich am Ende des Praxissemesters an der TH tun, und erwarten Sie als Mentor von mir einen Bericht?<\/p>\n<p><strong>Antwort<\/strong>:\u00a0Die n\u00f6tigen Schritte sind derzeit (Stand Februar 2026) hier beschrieben: https:\/\/praxissemester.gm.th-koeln.de\/informationen\/informatik. Dort hei\u00dft es unter anderem: \u201eWas genau Studierende zum Abschluss des Praxissemesters leisten sollen, kann jeder Mentorin mit dem\/der Studierenden selbst vereinbaren.\u201c<br \/>\nMeine Erwartung ist, dass Sie einen (kurzen) Bericht zum Praxissemester verfassen, der sich an Projektaufgaben orientiert und eine damit verbundene Reflexion \u00fcber die Lernziele enth\u00e4lt. Wesentliche Elemente sind:<\/p>\n<ul>\n<li>Eine Beschreibung der Aufgaben und Ziele (Einleitung)<\/li>\n<li>Ergebnisse und Lernerfahrungen (gerne auch die Anwendung von Kenntnissen aus dem Studium)<\/li>\n<li>Reflexion \u00fcber \u201eLessons learned\u201c und was Sie daraus f\u00fcr den weiteren Studienverlauf ableiten k\u00f6nnen.<\/li>\n<\/ul>\n<p>Eine Vorgabe bez\u00fcglich der L\u00e4nge (W\u00f6rter oder Seiten) gebe ich nicht; Sie k\u00f6nnen den Bericht gern kurz halten. Es ist legitim, sich beim Verfassen von KI-gest\u00fctzten Tools helfen zu lassen, allerdings bitte nur als Formulierungshilfe. Der Bericht soll pers\u00f6nlich sein, damit ich meine Aufgabe als Mentor wahrnehmen kann: Sie bei der Reflexion zu unterst\u00fctzen, was Sie aus dem Praxissemester mitnehmen und insbesondere, was sich daraus f\u00fcr den letzten Studienabschnitt und vielleicht auch f\u00fcr den Berufseinstieg ergibt.<br \/>\nAm besten melden Sie sich f\u00fcr meine Sprechstunde an und schicken mir den Bericht vorab zu. Hinweise zur Terminbuchung finden Sie hier: https:\/\/www.th-koeln.de\/personen\/hartmut.westenberger\/<\/p>\n<p><strong>Frage <\/strong> : Herr Westenberger,\u00a0 wie ist der Ablauf bis zum Kolloquium nach Abgabe der Bachelorarbeit?\u00a0 Gibt es vorher noch eine Einsicht in die Bachelorarbeit beziehungsweise Ihre Anmerkungen zu dieser?\u00a0 Kann ich mich generell schon einmal auf dieses vorbereiten?\u00a0 Sollte ich eine Pr\u00e4sentation vorbereiten und welchen Umfang\/Inhalt sollte diese aufweisen?<br \/>\n<strong>Antwort <\/strong> : Formal: Nach der Abgabe vereinbare ich mit dem Zweitpr\u00fcfer einen Termin f\u00fcr das Kolloquium und informiere den Bacheloranden sowie das Pr\u00fcfungsamt. Das Pr\u00fcfungsamt pr\u00fcft die Zul\u00e4ssigkeit (zB. aktuell eingeschrieben, alle n\u00f6tigen Creditpoints vorhanden etc.) und l\u00e4dt daraufhin offiziell ein.<\/p>\n<p>Ein Feedback \u00fcber die Bachelorarbeit gebe ich vor dem Kolloquium nicht. Das Kolloquium ist in unseren Bachelor-Studieng\u00e4ngen auf ca. 30-45 Minuten geplant (in Masterstudieng\u00e4ngen ggf l\u00e4nger, ma\u00dfgeblich ist die geltende Pr\u00fcfungsordnung des Studiengangs, in dem das Kolloquium stattfindet) und der Einstieg erfolgt in der Regel \u00fcber einen Kurzvortrag. Der Vortrag sollte auf circa 10 Minuten ausgelegt sein. Das bedeutet bei einer typischen Verweilzeit von 2 Min bei einer fachlichen Folie insgesamt f\u00fcnf Folien. Auf Folien \u00fcber die Firma im Allgemeinen verzichten Sie besser. Besser w\u00e4hlen Sie Folienmuster, wie dieses: Fo 1: Titel + Was ist der Hintergrund dieser Arbeit? Und was war genau das Ziel der Arbeit? Fo 2: Wie bin ich vorgegangen und warum genau so? Fo 3: Was ist herausgekommen? Wie vertrauensw\u00fcrdig bzw belastbar ist der Erkenntnisgewinn? Sind die Ziele erreicht worden? Wenn nein, warum nicht? Fo 4: Wie n\u00fctzlich ist das Ergebnis f\u00fcr den Auftraggeber, bzw was m\u00fcsste noch gemacht werden, um noch mehr Nutzen daraus zu ziehen? Wenn Sie den Vortrag so anlegen, schaffen Sie damit ein idealen Einstieg in die Diskussion und Fragerunde.<\/p>\n<p><strong> Frage <\/strong> : Ich wei\u00df leider nicht, welcher Form der Praxisprojektbericht\/ Bachelorarbeit entsprechen sollte (Schriftart, Zeilenabstand, etc.). Im Internet habe ich dazu verschiedenste Aussagen gefunden, weshalb ich mich deswegen jetzt an Sie wende. K\u00f6nnen Sie mir bitte schreiben, welche Form Sie f\u00fcr den Bericht erwarten?<br \/>\n<strong>Antwort <\/strong> : Das Pr\u00fcfungsamt hat ein Merkblatt herausgegeben. Weitere Hinweise dazu auf meinem Blog unter Hinweise zum wiss. Arbeiten.<\/p>\n<p><strong> Frage <\/strong> : Wie l\u00e4uft eine Bachelorarbeit ab?<br \/>\n<strong>Antwort <\/strong> : Sie bewerben sich bei einer Firma oder einem Dozenten unserer Fakult\u00e4t um eine Abschlussarbeit. Wenn die Arbeit genehmigt ist, melden Sie die Arbeit beim Pr\u00fcfungsamt an. Dazu bekommen Sie ein Formular, das Sie gemeinsam mit Ihrem Erstpr\u00fcfer ausf\u00fcllen. Dort werden i.w. das Thema, das Startdatum und Erst- und Zweitpr\u00fcfer eingetragen. Vom Startdatum haben Sie die in der Pr\u00fcfungsordnung angegebene Bearbeitungszeit. Ich empfehle, die Arbeit erst dann anzumelden, wenn alle n\u00f6tigen Ressourcen gesichert sind (Verf\u00fcgbarkeit, der Daten, erforderliche Basissysteme, Unterst\u00fctzung durch die Betreuer). Nach Abgabe der Arbeit werden Sie zu einem Kolloquium eingeladen, das i.d.R. zum Thema der Arbeit stattfindet und eine eigene Benotung erf\u00e4hrt. Ach ja, falls der Zweitpr\u00fcfer aus einer Firma kommt, muss er einen akademischen Abschluss haben (FH oder Uni), um als Pr\u00fcfer fungieren zu k\u00f6nnen.<\/p>\n<p><strong>Frage <\/strong> : Wie viele Seiten sollte eine Bachelorarbeit haben? <strong><br \/>\nAntwort <\/strong> : Es gibt keine minimale oder maximale Anzahl, \u00fcblich sind 40-60 Seiten, inkl. Grafiken und Diagramme. Entscheidender ist, dass eigenst\u00e4ndige geistige Leistung nachvollziehbar pr\u00e4sentiert wird. Programmcode oder umfangreiche Diagramme geh\u00f6ren in den Anhang.<\/p>\n<p><strong>Frage <\/strong> : Was sollte ich beachten, um in der Bachelorarbeit eine gute Note zu erzielen? <strong><br \/>\nAntwort <\/strong> : Die Aufgabenstellung und die Zielsetzung, bzw die Forschungsfragen sollten klar beschrieben sein. Die Zusammensetzung sollte die Ausgangsfrage-\/ oder Problemstellungen aufgreifen und die gewonnenen Erkenntnissen auf den Punkt bringen. Die Zwischenkapitel sollten die Argumentation klar unterst\u00fctzen. Sollte in der Arbeit etwas zu bewerten sein, ist die nachvollziehbare Herleitung eines Kriterienkatalogs wichtig. Die Ausgangsfragestellung sollte so abstrahiert werden, dass wissenschaftliche Literatur einbezogen werden kann. Zu einem Problem sollte nicht nur eine L\u00f6sung pr\u00e4sentiert werden, sondern auch der L\u00f6sungsweg dahin. Dabei ist es von Vorteil, nicht nur eine L\u00f6sungsmethode darzustellen, sondern auch die nachvollziehbar zu machen, warum diese Methode gew\u00e4hlt, bzw welche anderen Methoden nicht gew\u00e4hlt wurden (Methodologie). Das Vorgehen und die Ergebnisse werden einer kritischen Betrachtung unterzogen. Sofern m\u00f6glich ist das Nutzen formaler Beschreibungen sinnvoll, zB UML, BPMN, Archimate etc., auf die im Text Bezug genommen, bzw erl\u00e4utert werden. Zur besseren \u00dcbersicht sind Tabellendarstellungen sinnvoll, zB als Anforderungskatalog oder Kriterienkatalog. Man verwende Literaturaussagen mit der n\u00f6tigen kritischen Distanz. Also anstelle von &#8222;Analytics ist die zentrale Herausforderung der Zukunft (s. Quelle Forschungsinstitut xyz)&#8220; sollte es besser lauten:\u00a0&#8222;Nach Ansicht von xyz (Forschungsinstitutes xyz) ist Analytics die zentrale Herausforderung der Zukunft (s. Quelle Forschungsinstitut xyz)&#8220;<\/p>\n<p><strong>Frage <\/strong> : Wie umfangreich soll der Praxisprojektbericht sein? <strong><br \/>\nAntwort <\/strong> : Typischerweise um 40 Seiten (Grafiken nicht gerechnet).<\/p>\n<p><strong>Frage <\/strong> : Kann ich Ihnen die ersten Seiten meines Praxisprojektberichtes [Bachelorarbeit,Masterarbeit] f\u00fcr ein Feedback zukommen lassen? <strong><br \/>\nAntwort <\/strong> : In diesem Kontext \u00fcbe ich zwei Rollen aus, n\u00e4mlich die des Betreuers, dessen Ziel es ist, den Erfolg des Projektes fachlich und methodisch zu unterst\u00fctzen, und andererseits die Rolle des Pr\u00fcfers, der die Leistung des Pr\u00fcflings zu bewerten hat. Greife ich zu stark in die Steuerung des Projektes ein, beurteile ich am Ende eher meine eigene Leistung als die des Pr\u00fcflings. Aus diesem Grund muss ich als Betreuer reaktiv agieren. Gerne k\u00f6nnen sich Studierende mit Fragen zum Projekt an mich wenden, am besten im pers\u00f6nlichen Gespr\u00e4ch. Auch eine Grobdurchsicht eines Entwurfes bin ich bereit einmalig vorzunehmen, um sicherzustellen, dass die Arbeit nicht v\u00f6lig am Thema vorbeil\u00e4uft. Aber mehr kann und darf ich wegen meiner Doppelrolle in diesem Kontext leider nicht tun. Daher ist ein kapitelweises Feedback nicht zweckm\u00e4\u00dfig.<\/p>\n<p><strong>Frage <\/strong> :\u00a0 Ich arbeite seit mehr als einem Jahr bei XXXXX IT Service GmbH als Werkstudent und werde auch weiterhin hier t\u00e4tig sein. Besteht die M\u00f6glichkeit, dass ich mir dort ein Thema f\u00fcr eine Abschlussarbeit suche und Sie die betreuen? <strong><br \/>\n<\/strong><strong>Antwort <\/strong> : im Prinzip ja. Sie, bzw die Firma, bei der Sie arbeiten, haben das Recht, Themen f\u00fcr die Abschlussarbeit vorzuschlagen. Letztlich entscheidet aber die Hochschule, ob das Thema f\u00fcr eine Abschlussarbeit geeignet ist. Bew\u00e4hrte Praxis ist, dass Sie sich dem Themengebiet entsprechend einen fachlich passenden Lehrenden kontaktieren, vorzugsweise jemanden, der in unserem Studieng\u00e4ngen lehrt, und diesem den Themenvorschlag vorlegen. Meist findet sich dann eine L\u00f6sung, die Anspr\u00fcchen aller Beteiligten, also Ihnen, der Firma und der Hochschule gerecht wird. Die letztendliche Entscheidungshoheit dar\u00fcber, ob ein Thema geeignet, obliegt dem Pr\u00fcfungsausschuss.<\/p>\n<p>Ich empfehle stets, sich an den f\u00fcr das Thema kompetentesten Lehrenden des Kollegiums \u00a0zu wenden. Wenn ein Kollege fachlich besser betreuen kann, lehne ich in der Regel die Erstpr\u00fcferschaft ab und verweise Sie weiter.<\/p>\n<p><strong>Frage <\/strong> : K\u00f6nnen Sie den Pr\u00fcfungsstoff Ihrer Vorlesung xyz eingrenzen?<br \/>\n<strong>Antwort <\/strong> : Klausurhinweise gebe ich am Ende der Veranstaltung. Grunds\u00e4tzlich ist Pr\u00fcfungsgegenstand der im letzten Zyklus durchgenommene Stoff, wie er in den Skripten, den \u00dcbungsbl\u00e4ttern und den Praktikumsaufgaben dokumentiert ist. Die \u00dcbungsbl\u00e4tter sind auf dem ILIAS-Server zu finden.<\/p>\n<p>&nbsp;<\/p>\n<p><strong>Alle Antworten beziehen sich auf meinen aktuellen Kenntnisstand. Ich \u00fcbernehme keine Gew\u00e4hr auf evtl. \u00c4nderungen. Sollte Ihnen ein Fehler auffallen, bitte ich um Nachricht.<\/strong><\/p>\n","protected":false},"excerpt":{"rendered":"<p>Frage: Herr Westenberger, was muss ich am Ende des Praxissemesters an der TH tun, und erwarten Sie als Mentor von mir einen Bericht? Antwort:\u00a0Die n\u00f6tigen Schritte sind derzeit (Stand Februar 2026) hier beschrieben: https:\/\/praxissemester.gm.th-koeln.de\/informationen\/informatik. Dort hei\u00dft es unter anderem: \u201eWas genau Studierende zum Abschluss des Praxissemesters leisten sollen, kann jeder Mentorin mit dem\/der Studierenden selbst&#8230;  <a href=\"https:\/\/blogs.gm.fh-koeln.de\/westenberger\/organisatorisches\/faqs\/\" class=\"more-link\" title=\"Read FAQs\"><?php _e(\"Read more &raquo;\",\"wpbootstrap\"); ?><\/a><\/p>\n","protected":false},"author":27,"featured_media":0,"parent":16,"menu_order":0,"comment_status":"closed","ping_status":"closed","template":"","meta":{"_acf_changed":false,"footnotes":""},"class_list":["post-26","page","type-page","status-publish","hentry"],"acf":[],"_links":{"self":[{"href":"https:\/\/blogs.gm.fh-koeln.de\/westenberger\/wp-json\/wp\/v2\/pages\/26","targetHints":{"allow":["GET"]}}],"collection":[{"href":"https:\/\/blogs.gm.fh-koeln.de\/westenberger\/wp-json\/wp\/v2\/pages"}],"about":[{"href":"https:\/\/blogs.gm.fh-koeln.de\/westenberger\/wp-json\/wp\/v2\/types\/page"}],"author":[{"embeddable":true,"href":"https:\/\/blogs.gm.fh-koeln.de\/westenberger\/wp-json\/wp\/v2\/users\/27"}],"replies":[{"embeddable":true,"href":"https:\/\/blogs.gm.fh-koeln.de\/westenberger\/wp-json\/wp\/v2\/comments?post=26"}],"version-history":[{"count":13,"href":"https:\/\/blogs.gm.fh-koeln.de\/westenberger\/wp-json\/wp\/v2\/pages\/26\/revisions"}],"predecessor-version":[{"id":2122,"href":"https:\/\/blogs.gm.fh-koeln.de\/westenberger\/wp-json\/wp\/v2\/pages\/26\/revisions\/2122"}],"up":[{"embeddable":true,"href":"https:\/\/blogs.gm.fh-koeln.de\/westenberger\/wp-json\/wp\/v2\/pages\/16"}],"wp:attachment":[{"href":"https:\/\/blogs.gm.fh-koeln.de\/westenberger\/wp-json\/wp\/v2\/media?parent=26"}],"curies":[{"name":"wp","href":"https:\/\/api.w.org\/{rel}","templated":true}]}}