


{"id":22,"date":"2007-01-31T19:24:48","date_gmt":"2007-01-31T18:24:48","guid":{"rendered":"http:\/\/westenberger.info\/?page_id=22"},"modified":"2013-02-23T11:13:55","modified_gmt":"2013-02-23T11:13:55","slug":"wpfs","status":"publish","type":"page","link":"https:\/\/blogs.gm.fh-koeln.de\/westenberger\/lehrangebote\/wpfs\/","title":{"rendered":"Wahlpflichtf\u00e4cher"},"content":{"rendered":"<p class=\"lead\">Ich biete derzeit in unregelm\u00e4\u00dfigen Abst\u00e4nden drei unterschiedlich WPFs f\u00fcr Bachelorstudierende an:<\/p>\n<p><strong>WPF BI (Business Intelligence)<\/strong>: Nach einem \u00dcberblick \u00fcber die BI-Grundlagen steht die praktische Implementierung einer DWH-Infrastruktur mit den entsprechenden Belieferungsprozessen im Vordergrund. Als praktisches Beispiel wird ein Hochschulberichtswesen entwickelt und in Teilen automatisiert. Wir arbeiten in diesem WPF mit SAS oder SAP-Software. In der Regel kooperieren wir in dem WPF mit Beratungsunternehmen, die das WPF mit Blockschulungen unterst\u00fctzen. Zielgruppe: Bachelorstudierende der Wirtschaftsinformatik<\/p>\n<p><strong>WPF 28 Customizing von ERP-Systemen<\/strong>: Service-orientierte Architekturen (SOA) sollen f\u00fcr Unternehmen ein gr\u00f6\u00dferes Ma\u00df an Flexibilit\u00e4t f\u00fcr die Implementierung ihrer Gesch\u00e4ftsprozesse bieten. Wir diskutieren die Implikationen von SOA auf das Management der gesamten IT-Landschaft (Enterprise Architecture Management) und implementieren exemplarische Gesch\u00e4ftsprozesse in einer eigenen Orchestrierungsschicht. Als Werkzeuge werden SAP NetWeaver Compositions Environment und SAP ERP Backends verwendet. Auch hier kooperieren wir mit Beratungsunternehmen, die das WPF mit Blockschulungen unterst\u00fctzen. Zielgruppe: Bachelorstudierende der Wirtschaftsinformatik<\/p>\n<p><strong>WPF iERP \/ BIS (integrierte ERP-Systeme \/ Betriebliche Informationssysteme)<\/strong>: Am Beispiel der Software der SAP AG wird analysiert, welches breit-gef\u00e4cherte Angebot von Werkzeugen und L\u00f6sungen Unternehmen angeboten werden. Neben der SAP ERP-L\u00f6sung sind dies eine ganze Reihe von Produkten im NetWeaver-Umfeld. Die zwei Themenbereiche &#8222;Finanzbuchhaltung mit SAP&#8220; und &#8222;Berichtswesen mit SAP&#8220; werden herausgegriffen und besonders vertieft und mit praktischen \u00dcbungen erl\u00e4utert. Als Werkzeuge werden das SAP ERP-System sowie SAP NetWeaver BW verwendet. Zielgruppe: Bachelorstudierende der Wirtschaftsinformatik und des Wirtschaftsingenieurwesens<\/p>\n<p>Das aktuelle Wahlpflichf\u00e4cherangebot entnehme man meinem <a href=\"http:\/\/Westenberger.info\">Blog<\/a>, bzw dem aktuellen Vorlesungsverzeichnis.<\/p>\n","protected":false},"excerpt":{"rendered":"<p>Ich biete derzeit in unregelm\u00e4\u00dfigen Abst\u00e4nden drei unterschiedlich WPFs f\u00fcr Bachelorstudierende an: WPF BI (Business Intelligence): Nach einem \u00dcberblick \u00fcber die BI-Grundlagen steht die praktische Implementierung einer DWH-Infrastruktur mit den entsprechenden Belieferungsprozessen im Vordergrund. Als praktisches Beispiel wird ein Hochschulberichtswesen entwickelt und in Teilen automatisiert. Wir arbeiten in diesem WPF mit SAS oder SAP-Software. In&#8230;  <a href=\"https:\/\/blogs.gm.fh-koeln.de\/westenberger\/lehrangebote\/wpfs\/\" class=\"more-link\" title=\"Read Wahlpflichtf\u00e4cher\"><?php _e(\"Read more &raquo;\",\"wpbootstrap\"); ?><\/a><\/p>\n","protected":false},"author":27,"featured_media":0,"parent":53,"menu_order":0,"comment_status":"open","ping_status":"open","template":"","meta":{"_acf_changed":false,"footnotes":""},"class_list":["post-22","page","type-page","status-publish","hentry"],"acf":[],"_links":{"self":[{"href":"https:\/\/blogs.gm.fh-koeln.de\/westenberger\/wp-json\/wp\/v2\/pages\/22","targetHints":{"allow":["GET"]}}],"collection":[{"href":"https:\/\/blogs.gm.fh-koeln.de\/westenberger\/wp-json\/wp\/v2\/pages"}],"about":[{"href":"https:\/\/blogs.gm.fh-koeln.de\/westenberger\/wp-json\/wp\/v2\/types\/page"}],"author":[{"embeddable":true,"href":"https:\/\/blogs.gm.fh-koeln.de\/westenberger\/wp-json\/wp\/v2\/users\/27"}],"replies":[{"embeddable":true,"href":"https:\/\/blogs.gm.fh-koeln.de\/westenberger\/wp-json\/wp\/v2\/comments?post=22"}],"version-history":[{"count":4,"href":"https:\/\/blogs.gm.fh-koeln.de\/westenberger\/wp-json\/wp\/v2\/pages\/22\/revisions"}],"predecessor-version":[{"id":570,"href":"https:\/\/blogs.gm.fh-koeln.de\/westenberger\/wp-json\/wp\/v2\/pages\/22\/revisions\/570"}],"up":[{"embeddable":true,"href":"https:\/\/blogs.gm.fh-koeln.de\/westenberger\/wp-json\/wp\/v2\/pages\/53"}],"wp:attachment":[{"href":"https:\/\/blogs.gm.fh-koeln.de\/westenberger\/wp-json\/wp\/v2\/media?parent=22"}],"curies":[{"name":"wp","href":"https:\/\/api.w.org\/{rel}","templated":true}]}}