


{"id":2395,"date":"2021-01-19T14:06:06","date_gmt":"2021-01-19T12:06:06","guid":{"rendered":"http:\/\/blogs.gm.fh-koeln.de\/konen\/?page_id=2395"},"modified":"2021-01-19T14:13:31","modified_gmt":"2021-01-19T12:13:31","slug":"wpf-dlml","status":"publish","type":"page","link":"https:\/\/blogs.gm.fh-koeln.de\/konen\/lehre-2\/wpf-dlml\/","title":{"rendered":"WPF DLML"},"content":{"rendered":"<div class=\"twoclick_social_bookmarks_post_2395 social_share_privacy clearfix 1.6.4 locale-de_DE sprite-de_DE\"><\/div><div class=\"twoclick-js\"><script type=\"text\/javascript\">\/* <![CDATA[ *\/\njQuery(document).ready(function($){if($('.twoclick_social_bookmarks_post_2395')){$('.twoclick_social_bookmarks_post_2395').socialSharePrivacy({\"txt_help\":\"Wenn Sie diese Felder durch einen Klick aktivieren, werden Informationen an Facebook, Twitter, Flattr, Xing, t3n, LinkedIn, Pinterest oder Google eventuell ins Ausland \\u00fcbertragen und unter Umst\\u00e4nden auch dort gespeichert. N\\u00e4heres erfahren Sie durch einen Klick auf das <em>i<\\\/em>.\",\"settings_perma\":\"Dauerhaft aktivieren und Daten\\u00fcber-tragung zustimmen:\",\"info_link\":\"http:\\\/\\\/www.heise.de\\\/ct\\\/artikel\\\/2-Klicks-fuer-mehr-Datenschutz-1333879.html\",\"uri\":\"https:\\\/\\\/blogs.gm.fh-koeln.de\\\/konen\\\/lehre-2\\\/wpf-dlml\\\/\",\"post_id\":2395,\"post_title_referrer_track\":\"WPF+DLML\",\"display_infobox\":\"on\"});}});\n\/* ]]> *\/<\/script><\/div><p class=\"lead\"><strong>WPF DLML: Deep Learning, Machine Learning &amp; K\u00fcnstliche Intelligenz<br \/>\n<\/strong><\/p>\n<p>Diesen Kurs biete ich f\u00fcr alle Bachelorstudieng\u00e4nge Informatik an.<\/p>\n<p>Informationen zum Kurs finden sich im ILIAS unter<\/p>\n<p>Magazin &gt; Fakult\u00e4t 10 &gt; \u00dcbergreifende Informatikveranstaltungen + WPFs &gt; WPF DLML WS&#8230;<\/p>\n<p><a href=\"https:\/\/ilias.th-koeln.de\/goto.php?target=crs_1660283&amp;client_id=ILIAS_FH_Koeln\">https:\/\/ilias.th-koeln.de\/goto.php?target=crs_1660283&amp;client_id=ILIAS_FH_Koeln<\/a><\/p>\n","protected":false},"excerpt":{"rendered":"<p>WPF DLML: Deep Learning, Machine Learning &amp; K\u00fcnstliche Intelligenz Diesen Kurs biete ich f\u00fcr alle Bachelorstudieng\u00e4nge Informatik an. Informationen zum Kurs finden sich im ILIAS unter Magazin &gt; Fakult\u00e4t 10 &gt; \u00dcbergreifende Informatikveranstaltungen + WPFs &gt; WPF DLML WS&#8230; https:\/\/ilias.th-koeln.de\/goto.php?target=crs_1660283&amp;client_id=ILIAS_FH_Koeln<\/p>\n","protected":false},"author":38,"featured_media":0,"parent":253,"menu_order":6,"comment_status":"closed","ping_status":"closed","template":"","meta":{"_acf_changed":false,"footnotes":"","_links_to":"","_links_to_target":""},"class_list":["post-2395","page","type-page","status-publish","hentry"],"acf":[],"_links":{"self":[{"href":"https:\/\/blogs.gm.fh-koeln.de\/konen\/wp-json\/wp\/v2\/pages\/2395","targetHints":{"allow":["GET"]}}],"collection":[{"href":"https:\/\/blogs.gm.fh-koeln.de\/konen\/wp-json\/wp\/v2\/pages"}],"about":[{"href":"https:\/\/blogs.gm.fh-koeln.de\/konen\/wp-json\/wp\/v2\/types\/page"}],"author":[{"embeddable":true,"href":"https:\/\/blogs.gm.fh-koeln.de\/konen\/wp-json\/wp\/v2\/users\/38"}],"replies":[{"embeddable":true,"href":"https:\/\/blogs.gm.fh-koeln.de\/konen\/wp-json\/wp\/v2\/comments?post=2395"}],"version-history":[{"count":9,"href":"https:\/\/blogs.gm.fh-koeln.de\/konen\/wp-json\/wp\/v2\/pages\/2395\/revisions"}],"predecessor-version":[{"id":2412,"href":"https:\/\/blogs.gm.fh-koeln.de\/konen\/wp-json\/wp\/v2\/pages\/2395\/revisions\/2412"}],"up":[{"embeddable":true,"href":"https:\/\/blogs.gm.fh-koeln.de\/konen\/wp-json\/wp\/v2\/pages\/253"}],"wp:attachment":[{"href":"https:\/\/blogs.gm.fh-koeln.de\/konen\/wp-json\/wp\/v2\/media?parent=2395"}],"curies":[{"name":"wp","href":"https:\/\/api.w.org\/{rel}","templated":true}]}}