


{"id":15,"date":"2016-07-21T12:26:05","date_gmt":"2016-07-21T10:26:05","guid":{"rendered":"http:\/\/lwibs01.gm.fh-koeln.de\/blogs\/kohls\/?page_id=15"},"modified":"2016-08-02T22:23:45","modified_gmt":"2016-08-02T20:23:45","slug":"zur-person","status":"publish","type":"page","link":"https:\/\/blogs.gm.fh-koeln.de\/kohls\/zur-person\/","title":{"rendered":"Zur Person"},"content":{"rendered":"<p class=\"lead\"><strong>Curriculum Vitae<\/strong><\/p>\n<ul>\n<li>Seit September 2014: Professur f\u00fcr Informatik, Soziotechnische Systeme an der TH K\u00f6ln<\/li>\n<li>2009-2014 System Engineer; Ecosystem and Research Program Manager bei <a href=\"https:\/\/home.smarttech.com\/\">SMART Technologies<\/a><\/li>\n<li>2005-2014 Wissenschaftlicher Mitarbeiter am <a href=\"https:\/\/www.iwm-tuebingen.de\/www\/index.html\">Leibniz-Institut f\u00fcr Wissensmedien<\/a>, T\u00fcbingen, im Projekt <a href=\"https:\/\/www.e-teaching.org\/\">e-teaching.org<\/a><\/li>\n<li>2004-2015 Gesch\u00e4ftsf\u00fchrender Gesellschafter der pharus53 software solutions GmbH<\/li>\n<li>2002-2003 Wissenschaftlicher Mitarbeiter an der FH Wedel<\/li>\n<li>2001-2004 Master-Studium Computer Science an der FH Wedel<\/li>\n<li>1997-2001 Diplom-Studium der Medieninformatik an der FH Wedel<\/li>\n<\/ul>\n<p>&nbsp;<\/p>\n<p><strong>Auszeichnungen<\/strong><\/p>\n<ul>\n<li>Best Paper Award f\u00fcr den Beitrag \u201eE-Learning Patterns &#8211; Nutzen und H\u00fcrden des Entwurfsmuster-Ansatzes\u201c auf der 14. Europ\u00e4ischen Jahrestagung der Gesellschaft f\u00fcr Medien in den Wissenschaften (2009)<\/li>\n<li>MedidaPrix 2008 \u2013 Jurypreis\u00a0 und Publikumspreis f\u00fcr e-teaching.org<\/li>\n<li>kaleidoscope Award 2007 f\u00fcr e-teaching.org<\/li>\n<li>Comenius Medaille 2006 f\u00fcr e-teaching.org<\/li>\n<li>Finalist beim Multimedia Transfer 2002 mit moowinx \/ \u201ejtap\u201c<\/li>\n<\/ul>\n<p>&nbsp;<\/p>\n<p><strong>\u00c4mter<\/strong><\/p>\n<ul>\n<li>Ab September 2016 Senatsmitglied an der TH K\u00f6ln<\/li>\n<li>1. Vorstand <a href=\"http:\/\/europlop.net\/content\/organization\">Hillside Europe e.V.<\/a><\/li>\n<li>Board Member <a href=\"http:\/\/hillside.net\/\">The Hillside Group<\/a><\/li>\n<\/ul>\n<p>&nbsp;<\/p>\n<p><strong>Pers\u00f6nliches<\/strong><\/p>\n<ul>\n<li>Im Buchregal: Douglas Coupland, J. K. Rowling (incl. the crime stories), Edward Rutherfurd, John Grisham, Ken Follet, Jasper FForde, Terry Pratchett, Hans Fallada, &#8230;<\/li>\n<li>Serien (completed): Friends, How I Met Your Mother, The West Wing, Downton Abbey, Seinfeld, The Big Bang Theory, Roseanne,&#8230;<\/li>\n<li>Aufm Plattenteller: The Smiths, Stereophonics, Element of Crime, The Clash, Kettcar, U2, REM, The Pogues, Amy MacDonald, Badly Drawn Boy, Bloc Party, The Editors, Kings of Leon, The Strokes &#8230;<\/li>\n<li>Gern unterwegs: London, am Meer, in den Bergen, auf Konzerten, in Kaffeebars, Irish Pubs, Hamburger Schanzenviertel<\/li>\n<li>Bisherige Wohnorte: Kiel, Wedel, Doylestown (PA), Hamburg, T\u00fcbingen, K\u00f6ln<\/li>\n<li>Homepage: <a href=\"http:\/\/www.kohls.de\/\">www.kohls.de<\/a><\/li>\n<li>Blog: <a href=\"http:\/\/www.thinktanktools.com\/\">www.thinktanktools.com<\/a><\/li>\n<\/ul>\n<p>&nbsp;<\/p>\n","protected":false},"excerpt":{"rendered":"<p>Curriculum Vitae Seit September 2014: Professur f\u00fcr Informatik, Soziotechnische Systeme an der TH K\u00f6ln 2009-2014 System Engineer; Ecosystem and Research Program Manager bei SMART Technologies 2005-2014 Wissenschaftlicher Mitarbeiter am Leibniz-Institut f\u00fcr Wissensmedien, T\u00fcbingen, im Projekt e-teaching.org 2004-2015 Gesch\u00e4ftsf\u00fchrender Gesellschafter der pharus53 software solutions GmbH 2002-2003 Wissenschaftlicher Mitarbeiter an der FH Wedel 2001-2004 Master-Studium Computer Science&#8230;  <a href=\"https:\/\/blogs.gm.fh-koeln.de\/kohls\/zur-person\/\" class=\"more-link\" title=\"Read Zur Person\"><?php _e(\"Read more &raquo;\",\"wpbootstrap\"); ?><\/a><\/p>\n","protected":false},"author":49,"featured_media":0,"parent":0,"menu_order":0,"comment_status":"closed","ping_status":"closed","template":"","meta":{"_acf_changed":false,"footnotes":""},"class_list":["post-15","page","type-page","status-publish","hentry"],"acf":[],"_links":{"self":[{"href":"https:\/\/blogs.gm.fh-koeln.de\/kohls\/wp-json\/wp\/v2\/pages\/15","targetHints":{"allow":["GET"]}}],"collection":[{"href":"https:\/\/blogs.gm.fh-koeln.de\/kohls\/wp-json\/wp\/v2\/pages"}],"about":[{"href":"https:\/\/blogs.gm.fh-koeln.de\/kohls\/wp-json\/wp\/v2\/types\/page"}],"author":[{"embeddable":true,"href":"https:\/\/blogs.gm.fh-koeln.de\/kohls\/wp-json\/wp\/v2\/users\/49"}],"replies":[{"embeddable":true,"href":"https:\/\/blogs.gm.fh-koeln.de\/kohls\/wp-json\/wp\/v2\/comments?post=15"}],"version-history":[{"count":4,"href":"https:\/\/blogs.gm.fh-koeln.de\/kohls\/wp-json\/wp\/v2\/pages\/15\/revisions"}],"predecessor-version":[{"id":50,"href":"https:\/\/blogs.gm.fh-koeln.de\/kohls\/wp-json\/wp\/v2\/pages\/15\/revisions\/50"}],"wp:attachment":[{"href":"https:\/\/blogs.gm.fh-koeln.de\/kohls\/wp-json\/wp\/v2\/media?parent=15"}],"curies":[{"name":"wp","href":"https:\/\/api.w.org\/{rel}","templated":true}]}}