


{"id":1488,"date":"2011-02-11T12:58:15","date_gmt":"2011-02-11T12:58:15","guid":{"rendered":"http:\/\/lwibs01.gm.fh-koeln.de\/blogs\/faeskorn\/"},"modified":"2020-09-08T14:21:09","modified_gmt":"2020-09-08T14:21:09","slug":"zur-person","status":"publish","type":"page","link":"https:\/\/blogs.gm.fh-koeln.de\/faeskorn\/zur-person\/","title":{"rendered":"Zur Person"},"content":{"rendered":"<p class=\"lead\"><a class=\"thickbox\" href=\"http:\/\/lwibs01.gm.fh-koeln.de\/blogs\/faeskorn\/files\/2011\/02\/faeskorn_woyke.jpg\"><img loading=\"lazy\" decoding=\"async\" class=\"size-medium wp-image-3117 alignright\" src=\"http:\/\/lwibs01.gm.fh-koeln.de\/blogs\/faeskorn\/files\/2011\/02\/faeskorn_woyke-200x300.jpg\" alt=\"faeskorn_woyke\" width=\"110\" height=\"166\" srcset=\"https:\/\/blogs.gm.fh-koeln.de\/faeskorn\/files\/2011\/02\/faeskorn_woyke-200x300.jpg 200w, https:\/\/blogs.gm.fh-koeln.de\/faeskorn\/files\/2011\/02\/faeskorn_woyke-682x1024.jpg 682w, https:\/\/blogs.gm.fh-koeln.de\/faeskorn\/files\/2011\/02\/faeskorn_woyke.jpg 1786w\" sizes=\"auto, (max-width: 110px) 100vw, 110px\" \/><\/a><\/p>\n<ol>\n<li>Studium der Mathematik an der Bergischen Universit\u00e4t Gesamthochschule Wuppertal und Promotion \u00fcber &#8222;L &#8211; R &#8211; Zerlegungen in K\u00f6ther\u00e4umen&#8220; .<\/li>\n<li>1989-1995 Nokia Kabel GmbH in K\u00f6ln (Organisation und Datenverarbeitung (Datenbankadministration, CAE-Systeme und PPS-Systeme)<\/li>\n<li>Seit 1. Oktober 1995 Professorin f\u00fcr Wirtschaftsinformatik mit den Schwerpunkten Datenbanken und Informationssysteme am Fachbereich Informatik der FH K\u00f6ln.<\/li>\n<li>Seit Mai 2002 Professorin f\u00fcr Informatik, insbesondere Multimediadatenbanken<\/li>\n<li style=\"text-align: left\">September 2002 bis April 2004: Prodekanin und Institutsdirektorin des Instituts Informatik<\/li>\n<li style=\"text-align: left\">Seit 2002: Laborleiterin Wirtschaftsinformatik<\/li>\n<li style=\"text-align: left\">Seit 2003: Verantwortlich f\u00fcr das<a href=\"http:\/\/advbs06.gm.fh-koeln.de:7777\/plsql\/sport.stundenplan\"> HOPS-System<\/a> am Campus Gummersbach<\/li>\n<li>April 2004 bis September 2006: Dekanin der Fakult\u00e4t 10 f\u00fcr Informatik und Ingenieurwissenschaften<\/li>\n<li>September 2006 bis August 2012: Senatsmitglied<\/li>\n<li>2012: Internationalisierungsbeauftragte der Fakult\u00e4t 10 im Bereich Informatikb<\/li>\n<li>2012: Stellvertretende Gleichstellungsbeauftragte der Fakult\u00e4t 10<\/li>\n<li>September 2014 bis Mai 2018:\u00a0 Institutsdirektorin des Instituts Informatik und Studiendekanin f\u00fcr Informatik<\/li>\n<\/ol>\n","protected":false},"excerpt":{"rendered":"<p>Studium der Mathematik an der Bergischen Universit\u00e4t Gesamthochschule Wuppertal und Promotion \u00fcber &#8222;L &#8211; R &#8211; Zerlegungen in K\u00f6ther\u00e4umen&#8220; . 1989-1995 Nokia Kabel GmbH in K\u00f6ln (Organisation und Datenverarbeitung (Datenbankadministration, CAE-Systeme und PPS-Systeme) Seit 1. Oktober 1995 Professorin f\u00fcr Wirtschaftsinformatik mit den Schwerpunkten Datenbanken und Informationssysteme am Fachbereich Informatik der FH K\u00f6ln. Seit Mai 2002&#8230;  <a href=\"https:\/\/blogs.gm.fh-koeln.de\/faeskorn\/zur-person\/\" class=\"more-link\" title=\"Read Zur Person\"><?php _e(\"Read more &raquo;\",\"wpbootstrap\"); ?><\/a><\/p>\n","protected":false},"author":30,"featured_media":0,"parent":0,"menu_order":0,"comment_status":"closed","ping_status":"closed","template":"","meta":{"_acf_changed":false,"footnotes":""},"class_list":["post-1488","page","type-page","status-publish","hentry"],"acf":[],"_links":{"self":[{"href":"https:\/\/blogs.gm.fh-koeln.de\/faeskorn\/wp-json\/wp\/v2\/pages\/1488","targetHints":{"allow":["GET"]}}],"collection":[{"href":"https:\/\/blogs.gm.fh-koeln.de\/faeskorn\/wp-json\/wp\/v2\/pages"}],"about":[{"href":"https:\/\/blogs.gm.fh-koeln.de\/faeskorn\/wp-json\/wp\/v2\/types\/page"}],"author":[{"embeddable":true,"href":"https:\/\/blogs.gm.fh-koeln.de\/faeskorn\/wp-json\/wp\/v2\/users\/30"}],"replies":[{"embeddable":true,"href":"https:\/\/blogs.gm.fh-koeln.de\/faeskorn\/wp-json\/wp\/v2\/comments?post=1488"}],"version-history":[{"count":19,"href":"https:\/\/blogs.gm.fh-koeln.de\/faeskorn\/wp-json\/wp\/v2\/pages\/1488\/revisions"}],"predecessor-version":[{"id":4644,"href":"https:\/\/blogs.gm.fh-koeln.de\/faeskorn\/wp-json\/wp\/v2\/pages\/1488\/revisions\/4644"}],"wp:attachment":[{"href":"https:\/\/blogs.gm.fh-koeln.de\/faeskorn\/wp-json\/wp\/v2\/media?parent=1488"}],"curies":[{"name":"wp","href":"https:\/\/api.w.org\/{rel}","templated":true}]}}