


{"id":821,"date":"2017-02-05T18:07:00","date_gmt":"2017-02-05T17:07:00","guid":{"rendered":"http:\/\/lwibs01.gm.fh-koeln.de\/blogs\/bente\/?page_id=821"},"modified":"2020-01-20T06:04:22","modified_gmt":"2020-01-20T05:04:22","slug":"masterarbeiten","status":"publish","type":"page","link":"https:\/\/blogs.gm.fh-koeln.de\/bente\/projekte-und-jobs\/masterarbeiten\/","title":{"rendered":"Masterarbeiten"},"content":{"rendered":"<p class=\"lead\"><strong>Expos\u00e9-Template:<\/strong> Vor der Bearbeitung f\u00fcllen Sie bitte folgendes Expos\u00e9 aus und stimmen es mit mir ab: <a href=\"http:\/\/blogs.gm.fh-koeln.de\/bente\/files\/2020\/01\/Template-Expos\u00e9-Abschlussarbeit.docx\">Expos\u00e9-Template<\/a><\/p>\n<p><b>Betreuung der Arbeit: <\/b>F\u00fcr alle Abschlussarbeiten vereinbare ich mit den Studierenden ein 2-w\u00f6chentliches Statusgespr\u00e4ch. Dies gilt auch f\u00fcr die vorbereitenden Praxisprojekte f\u00fcr die Bachelorarbeit. Diese Termine sind zweiw\u00f6chentlich immer zur gleichen Uhrzeit am gleichen Tag.<\/p>\n<h3>Angebote f\u00fcr Masterarbeiten<\/h3>\n<div class=\"tpg-get-posts\" ><div class=\"tpg-get-posts-post\" ><div class=\"tpg-title-class\"><h5><a href=\"https:\/\/blogs.gm.fh-koeln.de\/bente\/2018\/03\/02\/empirische-untersuchung-der-user-experience-von-uml-tools-fuer-die-softwaretechnik-lehre\/\" >MA: Empirische Untersuchung der User Experience von UML-Tools f\u00fcr die Softwaretechnik-Lehre<\/a><\/h5><\/div><div class=\"tpg-content-class\"><a href=\"https:\/\/blogs.gm.fh-koeln.de\/bente\/2018\/03\/02\/empirische-untersuchung-der-user-experience-von-uml-tools-fuer-die-softwaretechnik-lehre\/\"><\/p>\n<div class=\"tpg-thumbnail-class\"><\/div>\n<p class=\"lead\"><\/a><\/p>\n<p class=\"tpg-excerpt-class tpg-get-posts-excerpt\">In Fortsetzung einer Bachelorarbeit zum gleichen Thema sollen in dieser Arbeit gebr\u00e4uchliche und f\u00fcr die Softwaretechnik verf\u00fcgbare UML-Tools bez\u00fcglich ihrer Eignung f\u00fcr die Lehre untersucht und verglichen werden. Der Fokus soll dabei auf User Experience und funktionaler Vollst\u00e4ndigkeit liegen. Die Untersuchung soll empirische Methoden nutzen und so breit angelegt sein, dass das Ergebnis f\u00fcr die allgemeine Softwaretechnik-Hochschullehre anwendbar ist.<\/p>\n<\/div>\n<\/div><div class=\"tpg-get-posts-post\" ><div class=\"tpg-title-class\"><h5><a href=\"https:\/\/blogs.gm.fh-koeln.de\/bente\/2018\/02\/23\/interesse-an-archilab-projekten-focus-microservices\/\" >Interesse an ArchiLab-Projekten (Focus: Microservices)?<\/a><\/h5><\/div><div class=\"tpg-content-class\"><a href=\"https:\/\/blogs.gm.fh-koeln.de\/bente\/2018\/02\/23\/interesse-an-archilab-projekten-focus-microservices\/\"><\/p>\n<div class=\"tpg-thumbnail-class\"><\/div>\n<p class=\"lead\"><\/a><\/p>\n<p class=\"tpg-excerpt-class tpg-get-posts-excerpt\">Wir machen eine Info-Veranstaltung mit Vorstellung von m\u00f6glichen Themen im Bereich Microservices und ArchiLab am Fr 2.3. um 14:00 in Raum 1522.<\/p>\n<\/div>\n<\/div><div class=\"tpg-get-posts-post\" ><div class=\"tpg-title-class\"><h5><a href=\"https:\/\/blogs.gm.fh-koeln.de\/bente\/2017\/10\/23\/ppbama-online-quiz-fuer-bloomsche-taxonomiestufe-2\/\" >PP\/BA\/MA: Online-Quiz f\u00fcr Bloom&#8217;sche Taxonomiestufen h\u00f6her als 2<\/a><\/h5><\/div><div class=\"tpg-content-class\"><a href=\"https:\/\/blogs.gm.fh-koeln.de\/bente\/2017\/10\/23\/ppbama-online-quiz-fuer-bloomsche-taxonomiestufe-2\/\"><\/p>\n<div class=\"tpg-thumbnail-class\"><\/div>\n<p class=\"lead\"><\/a><\/p>\n<p class=\"tpg-excerpt-class tpg-get-posts-excerpt\">Die Lehr-\/Lernplattform ArchiLab versucht, ein umfassendes Angebot f\u00fcr das Erlernen von Softwarearchitektur zu machen. F\u00fcr die Weiterentwicklung des Selbsttest-\/Quizmoduls soll diese Arbeit M\u00f6glichkeiten definieren, auch die h\u00f6heren Taxonomiestufen 3-5 der Revised Bloom&#8217;s Taxonomy online zu pr\u00fcfen.\u00a0Dies sind &#8222;Apply&#8220;, &#8222;Analyze&#8220; und &#8222;Evaluate&#8220;. Ein einfaches Abfragen von Wissen gen\u00fcgt hier nicht mehr.<\/p>\n<\/div>\n<\/div><\/div><!-- #tpg-get-posts -->\n<h3>Nichts gefunden?<\/h3>\n<p>Ich betreue nat\u00fcrlich nicht\u00a0<strong>nur<\/strong> die oben aufgef\u00fchrten Themen. Kontaktieren Sie mich gern direkt, wenn Sie &#8230;<\/p>\n<ul>\n<li>eine eigene Idee f\u00fcr eine Abschlussarbeit haben, die thematisch\u00a0zu meiner fachlichen Ausrichtung passt, oder<\/li>\n<li>noch keine Idee f\u00fcr eine Arbeit haben, aber gern in Richtung Architektur, EAM oder Agilit\u00e4t arbeiten m\u00f6chten, oder<\/li>\n<li>einen potentiellen Projektpartner (Firma) haben, aber noch nicht genau wissen, wie eine in Kooperation betreute Arbeit aussehen k\u00f6nnte.<\/li>\n<\/ul>\n<p>Im Gespr\u00e4ch k\u00f6nnen wir dann unverbindlich Optionen und\/oder m\u00f6gliche weitere Themen ausloten.<\/p>\n<h3>Laufende oder abgeschlossene Arbeiten<\/h3>\n<div class=\"tpg-get-posts\" ><div class=\"tpg-get-posts-post\" ><div class=\"tpg-title-class\"><h5><a href=\"https:\/\/blogs.gm.fh-koeln.de\/bente\/2017\/11\/16\/ferchau-foerderpreis-fuer-masterarbeit\/\" >Ferchau-F\u00f6rderpreis f\u00fcr Masterarbeit<\/a><\/h5><\/div><div class=\"tpg-content-class\"><a href=\"https:\/\/blogs.gm.fh-koeln.de\/bente\/2017\/11\/16\/ferchau-foerderpreis-fuer-masterarbeit\/\"><\/p>\n<div class=\"tpg-thumbnail-class\"><\/div>\n<p class=\"lead\"><\/a><\/p>\n<p class=\"tpg-excerpt-class tpg-get-posts-excerpt\">Die Masterarbeit\u00a0Entwicklung nachhaltiger KPI-Systeme zur \u00dcberwachung der Operationalisierung von Gesch\u00e4ftsstrategien im Bereich EAM von Markus Engelke wurde mit dem Steinm\u00fcller-Engineering-F\u00f6rderpreis ausgezeichnet.<\/p>\n<\/div>\n<\/div><div class=\"tpg-get-posts-post\" ><div class=\"tpg-title-class\"><h5><a href=\"https:\/\/blogs.gm.fh-koeln.de\/bente\/2017\/10\/23\/kollaborativer-uml-editor\/\" >MA: Kollaborativer UML-Editor<\/a><\/h5><\/div><div class=\"tpg-content-class\"><a href=\"https:\/\/blogs.gm.fh-koeln.de\/bente\/2017\/10\/23\/kollaborativer-uml-editor\/\"><\/p>\n<div class=\"tpg-thumbnail-class\"><\/div>\n<p class=\"lead\"><\/a><\/p>\n<p class=\"tpg-excerpt-class tpg-get-posts-excerpt\">Die Bachelor- \/ Masterarbeit soll in einer Art von Machbarkeitsstudie kl\u00e4ren, inwieweit f\u00fcr ein stark eingeschr\u00e4nktes UML-Subset ein kollaborativer Editor im &#8222;Google-Docs-Stil&#8220; machbar w\u00e4re.\u00a0<\/p>\n<\/div>\n<\/div><div class=\"tpg-get-posts-post\" ><div class=\"tpg-title-class\"><h5><a href=\"https:\/\/blogs.gm.fh-koeln.de\/bente\/2017\/10\/20\/bachelor-or-master-thesis-software-architecture-how-does-task-decomposition-as-an-expert-skill-work\/\" >Dom\u00e4nenschnitt im Architekturentwurf: Eine Praxis-Studie<\/a><\/h5><\/div><div class=\"tpg-content-class\"><a href=\"https:\/\/blogs.gm.fh-koeln.de\/bente\/2017\/10\/20\/bachelor-or-master-thesis-software-architecture-how-does-task-decomposition-as-an-expert-skill-work\/\"><\/p>\n<div class=\"tpg-thumbnail-class\"><\/div>\n<p class=\"lead\"><\/a><\/p>\n<p class=\"tpg-excerpt-class tpg-get-posts-excerpt\">Eine der ersten Phasen in Softwareentwicklungsprojekten und somit die Grundlage f\u00fcr zu entwickelnde Softwaresysteme, stellt der Dom\u00e4nenschnitt und die Komponentenbildung dar.\u00a0 Diverse Autoren beschreiben Ans\u00e4tze und Patterns f\u00fcr verschiedene Dom\u00e4nen und Architekturstile. Zudem haben viele Unternehmen eigene Ans\u00e4tze entwickelt, welche sie in ihren Kundenprojekten nutzen. Im Projektalltag ist es aber nicht immer m\u00f6glich, diesen Ans\u00e4tzen und Patterns zu folgen. Somit ergeben sich Unterschiede zwischen den dokumentierten Vorgehen und den realen Prozessen in Projekten. Die Arbeit geht diesen Unterschieden nach und versucht eine Systematisierung. <\/p>\n<\/div>\n<\/div><div class=\"tpg-get-posts-post\" ><div class=\"tpg-title-class\"><h5><a href=\"https:\/\/blogs.gm.fh-koeln.de\/bente\/2017\/07\/27\/ma-modern-architectural-patterns-for-microservice-based-applications-in-a-cloud-infrastructure\/\" >MA: Modern architectural patterns for microservice-based applications in a cloud infrastructure<\/a><\/h5><\/div><div class=\"tpg-content-class\"><a href=\"https:\/\/blogs.gm.fh-koeln.de\/bente\/2017\/07\/27\/ma-modern-architectural-patterns-for-microservice-based-applications-in-a-cloud-infrastructure\/\"><\/p>\n<div class=\"tpg-thumbnail-class\"><\/div>\n<p class=\"lead\"><\/a><\/p>\n<p class=\"tpg-excerpt-class tpg-get-posts-excerpt\">Die Arbeit untersucht, welche Anforderungen heutzutage an ein Microservice-basiertes verteiltes System gestellt werden. Die Frage nach den Herausforderungen\u00a0bei der praktischen Umsetzung und Anwendung des\u00a0Microservice-Konzeptes soll beantwortet werden.<\/p>\n<\/div>\n<\/div><div class=\"tpg-get-posts-post\" ><div class=\"tpg-title-class\"><h5><a href=\"https:\/\/blogs.gm.fh-koeln.de\/bente\/2017\/07\/27\/ma-entwicklung-eines-javaee-basierten-frameworks-zum-einsatz-eines-rich-domain-konzeptes-durch-praxisbeispiele\/\" >MA: Entwicklung eines JavaEE basierten Frameworks zum Einsatz eines Rich Domain Konzeptes durch Praxisbeispiele<\/a><\/h5><\/div><div class=\"tpg-content-class\"><a href=\"https:\/\/blogs.gm.fh-koeln.de\/bente\/2017\/07\/27\/ma-entwicklung-eines-javaee-basierten-frameworks-zum-einsatz-eines-rich-domain-konzeptes-durch-praxisbeispiele\/\"><\/p>\n<div class=\"tpg-thumbnail-class\"><\/div>\n<p class=\"lead\"><\/a><\/p>\n<h4>Problemstellung<\/h4>\n<p>In der Entwicklung von gr\u00f6\u00dferen objektorientieren Softwareprodukten entstehen zumeist eine Vielzahl von Utility- und Helperklassen sowie Methoden in weiteren Klassen verschiedener Schichten, die bestimmte Aspekte der Fachlichkeit wie zum Beispiel Validierung oder Konvertierungen behandeln und in unterschiedlichsten Paketen zu finden sind. Dies f\u00fchrt zu doppeltem Code, da die Codest\u00fccke anderen Entwicklern nicht bekannt sind und schwierig gefunden werden. Vor allem sp\u00e4tere \u00c4nderungen der Fachlichkeit f\u00fchren zu Mehraufwand, da diese an mehrere Stellen verteilt ist und erstmal gefunden werden muss. Manchmal fallen diese Probleme erst in sp\u00e4ten Testphasen oder gar im Produktionsbetrieb auf, das zu weiteren Problemen f\u00fchrt. Zudem sind auch die APIs und Konstruktoren durch eine Aneinanderreihung von nativen Datentypen fehleranf\u00e4llig, schlecht les- und wartbar. Dem Code fehlt eine Robustheit, die sich vor allem bemerkbar macht, sobald Entwickler die Projekte verlassen oder neu hinzukommen, die sich im spezifischen Projekt nicht auskennen.<\/p>\n<h4>Abgeleitete Forschungsfrage<\/h4>\n<ul>\n<li>Wie kann die vorhandene Fachlichkeit im Code so positioniert werden, dass ein sprechendes Domain Model entsteht und von Entwicklern schneller gefunden und besser verstanden wird?<\/li>\n<li>Warum lohnt es sich, auch native Attribute in Entit\u00e4ten als vollwertige fachliche Klassen auszumodellieren?<\/li>\n<li>Welche Probleme treten bei der Umsetzung in JavaEE-Frameworks auf? Wie k\u00f6nnen diese gel\u00f6st werden?<\/li>\n<\/ul>\n<h4>Vorgehen<\/h4>\n<p>Zuerst werden an Hand einer Literaturrecherche die wichtigsten Aspekte des DomainDrivenDesigns mit Prinzipien der Softwareentwicklung (Objektorientierung, Clean Code, Design Patterns, Refactoring) in Verbindung gebracht. Dabei wird besonderen Wert auf Fachlichkeit an der richtigen Stelle, lesbaren Code und Auffindbarkeit gelegt.<br \/>\nAnschlie\u00dfend werden diese Eigenschaften als Anforderungen an ein auf JavaEE-basierendes Framework gestellt. Dabei steht besonders JPA und EJB als Backend, sowie JSF als Frontend im Fokus. Dabei werden auch Negativbeispiele herk\u00f6mmlicher Programmierung aufgezeigt. Insgesamt wird ein Framework f\u00fcr Rich Domain Models entworfen, welches f\u00fcr eine erhebliche Reduzierung von Utility-Klassen und eine bessere Auffindbarkeit der Fachlichkeit sorgt.<br \/>\nDanach wird das Framework mittels Praxisbeispiele entwickelt und deren Funktionalit\u00e4ten gezeigt. Abschlie\u00dfend findet noch eine Handlungs- und Einsatzempfehlung des entstandenen Frameworks im Vergleich zur herk\u00f6mmlichen Programmierung statt.<\/p>\n<h4>Bearbeiter<\/h4>\n<p>Daniel Jan\u00dfen<\/p>\n<h4>Abgabe<\/h4>\n<p>Ende 2017<\/p><\/div>\n<\/div><div class=\"tpg-get-posts-post\" ><div class=\"tpg-title-class\"><h5><a href=\"https:\/\/blogs.gm.fh-koeln.de\/bente\/2017\/07\/27\/ma-electron-eine-technologiestudie-zur-cross-platform-entwicklung-von-komplexen-ui-applikationen\/\" >MA: Electron &#8211; Eine Technologiestudie zur Cross-Platform-Entwicklung von komplexen UI-Applikationen<\/a><\/h5><\/div><div class=\"tpg-content-class\"><a href=\"https:\/\/blogs.gm.fh-koeln.de\/bente\/2017\/07\/27\/ma-electron-eine-technologiestudie-zur-cross-platform-entwicklung-von-komplexen-ui-applikationen\/\"><\/p>\n<div class=\"tpg-thumbnail-class\"><\/div>\n<p class=\"lead\"><\/a><\/p>\n<p class=\"tpg-excerpt-class tpg-get-posts-excerpt\">Die Arbeit untersucht aus Usability-Sicht, wie komplex es sich gestaltet, auf verschiedenen Plattformen, insbesondere PC und MacOS, das gleiche &#8222;Look-And-Feel&#8220; zu erreichen. Hierf\u00fcr wird die Plattform Electron genauer analysiert. Aus Entwicklersicht soll untersucht werden, wie kompatibel Electron mit bestehenden Javascript-Bibliotheken sowie bestehenden Programmst\u00fccken in anderen Sprachen ist. Au\u00dferdem soll gepr\u00fcft werden, ob und in welchem Ma\u00df plattformspezifischer Code erforderlich ist.<\/p>\n<\/div>\n<\/div><div class=\"tpg-get-posts-post\" ><div class=\"tpg-title-class\"><h5><a href=\"https:\/\/blogs.gm.fh-koeln.de\/bente\/2017\/07\/27\/ma-referenzarchitektur-fuer-javascript-clients\/\" >MA: Referenzarchitektur f\u00fcr JavaScript Clients<\/a><\/h5><\/div><div class=\"tpg-content-class\"><a href=\"https:\/\/blogs.gm.fh-koeln.de\/bente\/2017\/07\/27\/ma-referenzarchitektur-fuer-javascript-clients\/\"><\/p>\n<div class=\"tpg-thumbnail-class\"><\/div>\n<p class=\"lead\"><\/a><\/p>\n<p class=\"tpg-excerpt-class tpg-get-posts-excerpt\">Die Arbeit untersucht, wie eine Referenzarchitektur f\u00fcr moderne SPA-JavaScript-Clients definiert werden kann, und wie deren Umsetzung aussieht.<\/p>\n<\/div>\n<\/div><div class=\"tpg-get-posts-post\" ><div class=\"tpg-title-class\"><h5><a href=\"https:\/\/blogs.gm.fh-koeln.de\/bente\/2016\/09\/30\/masterarbeit-agilelab-ein-konzept-zum-lehren-und-lernen-agiler-methodik-im-hochschulkontext\/\" >AgileLab: Ein Konzept zum Lehren und Lernen agiler Methodik im Hochschulkontext<\/a><\/h5><\/div><div class=\"tpg-content-class\"><a href=\"https:\/\/blogs.gm.fh-koeln.de\/bente\/2016\/09\/30\/masterarbeit-agilelab-ein-konzept-zum-lehren-und-lernen-agiler-methodik-im-hochschulkontext\/\"><\/p>\n<div class=\"tpg-thumbnail-class\"><\/div>\n<p class=\"lead\"><\/a><\/p>\n<p class=\"tpg-excerpt-class tpg-get-posts-excerpt\">Am Beispiel einer konkreten Veranstaltung soll ein ganzheitliches Lehrkonzept &#8222;Agilit\u00e4t&#8220; entwickelt werden, das die Herausforderungen in der Lehre auf diesem Feld adressiert. Dabei sind verschiedene Aspekte zu ber\u00fccksichtigen.<\/p>\n<\/div>\n<\/div><div class=\"tpg-get-posts-post\" ><div class=\"tpg-title-class\"><h5><a href=\"https:\/\/blogs.gm.fh-koeln.de\/bente\/2016\/09\/30\/masterarbeit-eine-heuristik-zur-eignungspruefung-von-microservice-architekturen\/\" >Eine Heuristik zur Eignungspr\u00fcfung von Microservice-Architekturen<\/a><\/h5><\/div><div class=\"tpg-content-class\"><a href=\"https:\/\/blogs.gm.fh-koeln.de\/bente\/2016\/09\/30\/masterarbeit-eine-heuristik-zur-eignungspruefung-von-microservice-architekturen\/\"><\/p>\n<div class=\"tpg-thumbnail-class\"><\/div>\n<p class=\"lead\"><\/a><\/p>\n<p class=\"tpg-excerpt-class tpg-get-posts-excerpt\">In der Masterarbeit mit dem Titel \u201eEine Heuristik zur Eignungspr\u00fcfung von Microservice-Architekturen\u201c wird ein Vorgehen erarbeitet, mit dem die Entscheidung einer Neuentwicklung auf Basis von MS oder der Transition von einem Deployment-Monolithen hin zu einer MS Architektur evaluiert werden kann.<\/p>\n<\/div>\n<\/div><div class=\"tpg-get-posts-post\" ><div class=\"tpg-title-class\"><h5><a href=\"https:\/\/blogs.gm.fh-koeln.de\/bente\/2016\/09\/30\/masterarbeit-entwicklung-nachhaltiger-kpi-systeme-zur-ueberwachung-der-operationalisierung-von-geschaeftsstrategien-im-bereich-eam\/\" >Entwicklung nachhaltiger KPI-Systeme zur \u00dcberwachung der Operationalisierung von Gesch\u00e4ftsstrategien im Bereich EAM<\/a><\/h5><\/div><div class=\"tpg-content-class\"><a href=\"https:\/\/blogs.gm.fh-koeln.de\/bente\/2016\/09\/30\/masterarbeit-entwicklung-nachhaltiger-kpi-systeme-zur-ueberwachung-der-operationalisierung-von-geschaeftsstrategien-im-bereich-eam\/\"><\/p>\n<div class=\"tpg-thumbnail-class\"><\/div>\n<p class=\"lead\"><\/a><\/p>\n<p class=\"tpg-excerpt-class tpg-get-posts-excerpt\">Die Arbeit kl\u00e4rt die Frage, wie KPIs im EAM Umfeld nachhaltig erhoben und nutzbar gemacht werden k\u00f6nnen. Abgeschlossen im Januar 2017.\n<\/p>\n<\/div>\n<\/div><div class=\"tpg-get-posts-post\" ><div class=\"tpg-title-class\"><h5><a href=\"https:\/\/blogs.gm.fh-koeln.de\/bente\/2016\/09\/30\/agile-enterprise-architecture-die-untersuchung-des-collaborative-enterprise-architecture-ansatzes-im-rahmen-einer-einzelfallstudie-im-umfeld-eines-komplexen-it-projektes\/\" >Agile Enterprise Architecture<\/a><\/h5><\/div><div class=\"tpg-content-class\"><a href=\"https:\/\/blogs.gm.fh-koeln.de\/bente\/2016\/09\/30\/agile-enterprise-architecture-die-untersuchung-des-collaborative-enterprise-architecture-ansatzes-im-rahmen-einer-einzelfallstudie-im-umfeld-eines-komplexen-it-projektes\/\"><\/p>\n<div class=\"tpg-thumbnail-class\"><\/div>\n<p class=\"lead\"><\/a><\/p>\n<p class=\"tpg-excerpt-class tpg-get-posts-excerpt\">Collaborative Enterprise Architecture kombiniert TOGAF ADM mit der agilen Methodik KANBAN. Im Rahmen einer Einzelfallstudie soll anhand eines konkreten IT Projektes die Anwendbarkeit dieses Ansatzes untersucht und \u00fcberpr\u00fcft werden. Ziel ist es, alle Phasen des Collaborative-Enterprise-Architecture-Modells zu durchlaufen und wiederverwendbare Artefakte zu generieren. Die Arbeit wurde im September 2016 abgeschlossen. <\/p>\n<\/div>\n<\/div><\/div><!-- #tpg-get-posts -->\n","protected":false},"excerpt":{"rendered":"<p>Expos\u00e9-Template: Vor der Bearbeitung f\u00fcllen Sie bitte folgendes Expos\u00e9 aus und stimmen es mit mir ab: Expos\u00e9-Template Betreuung der Arbeit: F\u00fcr alle Abschlussarbeiten vereinbare ich mit den Studierenden ein 2-w\u00f6chentliches Statusgespr\u00e4ch. Dies gilt auch f\u00fcr die vorbereitenden Praxisprojekte f\u00fcr die Bachelorarbeit. Diese Termine sind zweiw\u00f6chentlich immer zur gleichen Uhrzeit am gleichen Tag. Angebote f\u00fcr Masterarbeiten&#8230;  <a href=\"https:\/\/blogs.gm.fh-koeln.de\/bente\/projekte-und-jobs\/masterarbeiten\/\" class=\"more-link\" title=\"Read Masterarbeiten\"><?php _e(\"Read more &raquo;\",\"wpbootstrap\"); ?><\/a><\/p>\n","protected":false},"author":39,"featured_media":0,"parent":430,"menu_order":0,"comment_status":"closed","ping_status":"closed","template":"","meta":{"_acf_changed":false,"footnotes":""},"class_list":["post-821","page","type-page","status-publish","hentry"],"acf":[],"_links":{"self":[{"href":"https:\/\/blogs.gm.fh-koeln.de\/bente\/wp-json\/wp\/v2\/pages\/821","targetHints":{"allow":["GET"]}}],"collection":[{"href":"https:\/\/blogs.gm.fh-koeln.de\/bente\/wp-json\/wp\/v2\/pages"}],"about":[{"href":"https:\/\/blogs.gm.fh-koeln.de\/bente\/wp-json\/wp\/v2\/types\/page"}],"author":[{"embeddable":true,"href":"https:\/\/blogs.gm.fh-koeln.de\/bente\/wp-json\/wp\/v2\/users\/39"}],"replies":[{"embeddable":true,"href":"https:\/\/blogs.gm.fh-koeln.de\/bente\/wp-json\/wp\/v2\/comments?post=821"}],"version-history":[{"count":11,"href":"https:\/\/blogs.gm.fh-koeln.de\/bente\/wp-json\/wp\/v2\/pages\/821\/revisions"}],"predecessor-version":[{"id":1806,"href":"https:\/\/blogs.gm.fh-koeln.de\/bente\/wp-json\/wp\/v2\/pages\/821\/revisions\/1806"}],"up":[{"embeddable":true,"href":"https:\/\/blogs.gm.fh-koeln.de\/bente\/wp-json\/wp\/v2\/pages\/430"}],"wp:attachment":[{"href":"https:\/\/blogs.gm.fh-koeln.de\/bente\/wp-json\/wp\/v2\/media?parent=821"}],"curies":[{"name":"wp","href":"https:\/\/api.w.org\/{rel}","templated":true}]}}