


{"id":54,"date":"2015-09-08T10:00:31","date_gmt":"2015-09-08T08:00:31","guid":{"rendered":"http:\/\/lwibs01.gm.fh-koeln.de\/blogs\/guenther\/?page_id=54"},"modified":"2015-09-08T13:55:47","modified_gmt":"2015-09-08T11:55:47","slug":"lehrveranstaltungen","status":"publish","type":"page","link":"http:\/\/blogs.gm.fh-koeln.de\/guenther\/lehrveranstaltungen\/","title":{"rendered":"Lehrveranstaltungen"},"content":{"rendered":"<p class=\"lead\">Hier finden Sie Informationen zu meinen Lehrveranstaltungen:<\/p>\n<p>&nbsp;<\/p>\n<p><a href=\"http:\/\/lwibs01.gm.fh-koeln.de\/blogs\/guenther\/lehrveranstaltungen\/einfuhrung-in-die-wirtschaftsinformatik\/\">Einf\u00fchrung in die Wirtschaftsinformatik f\u00fcr Bachelor WI<\/a><\/p>\n<p>&nbsp;<\/p>\n<p><a href=\"http:\/\/lwibs01.gm.fh-koeln.de\/blogs\/guenther\/lehrveranstaltungen\/projektmanagement-im-bachelor\/\">Projektmanagement im Bachelor<\/a><\/p>\n<p>&nbsp;<\/p>\n<p><a href=\"http:\/\/lwibs01.gm.fh-koeln.de\/blogs\/guenther\/lehrveranstaltungen\/praxisprojekt-praxisprojektseminar-wi-bachelor\/\">Praxisprojektseminar im Bachelor WI<\/a><\/p>\n<p>&nbsp;<\/p>\n<p><a href=\"http:\/\/lwibs01.gm.fh-koeln.de\/blogs\/guenther\/lehrveranstaltungen\/wpfba-ba4-spezielle-aspekte-betrieblicher-anwendungssysteme-im-bachelor-wi\/\">WPF BA &#8222;Spezielle Aspekte betrieblicher Anwendungssysteme&#8220; f\u00fcr Bachelor WI<\/a><\/p>\n<p>&nbsp;<\/p>\n<p><a href=\"http:\/\/lwibs01.gm.fh-koeln.de\/blogs\/guenther\/lehrveranstaltungen\/projektmanagement-fur-alle-informatik-masterstudiengange\/\">Projektmanagement f\u00fcr alle Informatik-Masterstudieng\u00e4nge<\/a><\/p>\n","protected":false},"excerpt":{"rendered":"<p>Hier finden Sie Informationen zu meinen Lehrveranstaltungen: &nbsp; Einf\u00fchrung in die Wirtschaftsinformatik f\u00fcr Bachelor WI &nbsp; Projektmanagement im Bachelor &nbsp; Praxisprojektseminar im Bachelor WI &nbsp; WPF BA &#8222;Spezielle Aspekte betrieblicher Anwendungssysteme&#8220; f\u00fcr Bachelor WI &nbsp; Projektmanagement f\u00fcr alle Informatik-Masterstudieng\u00e4nge<\/p>\n","protected":false},"author":4,"featured_media":0,"parent":0,"menu_order":0,"comment_status":"open","ping_status":"open","template":"","meta":{"_acf_changed":false,"footnotes":""},"class_list":["post-54","page","type-page","status-publish","hentry"],"acf":[],"_links":{"self":[{"href":"http:\/\/blogs.gm.fh-koeln.de\/guenther\/wp-json\/wp\/v2\/pages\/54","targetHints":{"allow":["GET"]}}],"collection":[{"href":"http:\/\/blogs.gm.fh-koeln.de\/guenther\/wp-json\/wp\/v2\/pages"}],"about":[{"href":"http:\/\/blogs.gm.fh-koeln.de\/guenther\/wp-json\/wp\/v2\/types\/page"}],"author":[{"embeddable":true,"href":"http:\/\/blogs.gm.fh-koeln.de\/guenther\/wp-json\/wp\/v2\/users\/4"}],"replies":[{"embeddable":true,"href":"http:\/\/blogs.gm.fh-koeln.de\/guenther\/wp-json\/wp\/v2\/comments?post=54"}],"version-history":[{"count":8,"href":"http:\/\/blogs.gm.fh-koeln.de\/guenther\/wp-json\/wp\/v2\/pages\/54\/revisions"}],"predecessor-version":[{"id":1450,"href":"http:\/\/blogs.gm.fh-koeln.de\/guenther\/wp-json\/wp\/v2\/pages\/54\/revisions\/1450"}],"wp:attachment":[{"href":"http:\/\/blogs.gm.fh-koeln.de\/guenther\/wp-json\/wp\/v2\/media?parent=54"}],"curies":[{"name":"wp","href":"https:\/\/api.w.org\/{rel}","templated":true}]}}