


{"id":504,"date":"2015-11-05T19:54:19","date_gmt":"2015-11-05T18:54:19","guid":{"rendered":"http:\/\/lwibs01.gm.fh-koeln.de\/blogs\/bente\/?page_id=504"},"modified":"2018-10-04T14:22:12","modified_gmt":"2018-10-04T12:22:12","slug":"softwaretechnik-1","status":"publish","type":"page","link":"http:\/\/blogs.gm.fh-koeln.de\/bente\/lehre\/softwaretechnik-1\/","title":{"rendered":"Softwaretechnik (ST1, ST2)"},"content":{"rendered":"<p class=\"lead\">Softwaretechnik ist eine zweisemestrige Pflichtvorlesung im Informatik Bachelor (3. und 4. Semester). Softwaretechnik 1 (ST1) wird im Wintersemester angeboten und\u00a0besteht aus folgenden Bestandteilen:<\/p>\n<ul>\n<li>Vorlesung mit 2 SWS (Mo 9:00 &#8211; 11:00, Raum 0502)<\/li>\n<li>Praktikum mit 2 SWS in Gruppen (buchbare Pr\u00e4senztermine je nach Gruppe).<\/li>\n<\/ul>\n<p>Softwaretechnik 2 wird im Sommersemester angeboten\u00a0und\u00a0besteht aus folgenden Bestandteilen:<\/p>\n<ul>\n<li>Vorlesung mit 2 SWS (normalerweise Di\u00a010:00 &#8211; 12:00, Raum 0502)<\/li>\n<li>Praktikum mit 2 SWS in Gruppen (buchbare Pr\u00e4senztermine je nach Gruppe).<\/li>\n<\/ul>\n<h2>Vertiefendes Material<\/h2>\n<ul>\n<li>Zu <strong>ST1\/2 <\/strong>existiert ein <a href=\"http:\/\/lwibs01.gm.fh-koeln.de\/blogs\/bente\/files\/2015\/11\/Lehrkonzept-Softwaretechnik-Bente.pdf\" target=\"_blank\" rel=\"noopener\">Lehrkonzept<\/a>\u00a0(PPT als PDF, ca. 15 Folien)\u00a0in dem Anspruch der Veranstaltung, Bewertungsschema und Lernziel (Learning Outcome) in allgemeiner Form kurz beschrieben sind.<\/li>\n<li>F\u00fcr <strong>ST1\/2<\/strong>\u00a0und gibt es jeweils eine Sammlung von Probe-Klausuraufgaben (verf\u00fcgbar \u00fcber den jeweils aktuellen ILIAS-Kurs).\u00a0<strong>Achtung:<\/strong> nur Hilfestellung, keine Referenz &#8211; also keine Garantie, dass die tats\u00e4chlichen Klausuraufgaben 100% die gleichen wie in dieser Sammlung sind!<\/li>\n<li>Ebenso gibt es f\u00fcr <strong>ST1<\/strong> eine <a href=\"http:\/\/lwibs01.gm.fh-koeln.de\/blogs\/bente\/files\/2015\/11\/Learning-Outcome-ST1-2016-03-22.pdf\" target=\"_blank\" rel=\"noopener\">detailliert heruntergebrochene Learning-Outcome-Spezifikation<\/a>,\u00a0die der ArchiLab-Methodik folgt. Hierzu vgl. auch die Konzeptbeschreibung &#8222;<a href=\"http:\/\/lwibs01.gm.fh-koeln.de\/blogs\/bente\/archilab\/\">Was ist ArchiLab?<\/a>&#8220; (Kapitel &#8222;Management von Learning Outcomes).<\/li>\n<li>Alle weiteren Informationen zur Veranstaltung (Skripte, Praktikumsaufgaben und -Gruppen etc.) finden Sie auf der entsprechenden ILIAS-Gruppe. Ein Beitritt ist jederzeit m\u00f6glich. Allerdings besteht in den Praktika Pr\u00e4senzpflicht, so dass Sie nicht zu beliebigen Zeitpunkten in den Kurs einsteigen k\u00f6nnen.<\/li>\n<\/ul>\n<h2>Aktuelle Informationen<\/h2>\n<p>Die letzten Neuigkeiten zu der Veranstaltung finden Sie nachfolgend (aktuellste zuerst).<\/p>\n<div class=\"tpg-get-posts\" ><div class=\"tpg-get-posts-post\" ><div class=\"tpg-title-class\"><li><a href=\"http:\/\/blogs.gm.fh-koeln.de\/bente\/2019\/01\/27\/evaluierungsergebnisse-softwaretechnik-1-im-ws18-19\/\" >ST1 (WS 18\/19): Evaluierungsergebnisse<\/a><\/li><\/div><\/div><div class=\"tpg-get-posts-post\" ><div class=\"tpg-title-class\"><li><a href=\"http:\/\/blogs.gm.fh-koeln.de\/bente\/2017\/07\/16\/st1-fragestunde-zur-klausur-am-fr-21-7-1000\/\" >ST1 (WS16\/17): Fragestunde zur Klausur am Fr. 21.7. 10:00<\/a><\/li><\/div><\/div><div class=\"tpg-get-posts-post\" ><div class=\"tpg-title-class\"><li><a href=\"http:\/\/blogs.gm.fh-koeln.de\/bente\/2017\/06\/25\/klausurergebnisse-st1-vom-7-4-2017\/\" >ST1 (WS16\/17): Klausurergebnisse vom 7.4.2017<\/a><\/li><\/div><\/div><div class=\"tpg-get-posts-post\" ><div class=\"tpg-title-class\"><li><a href=\"http:\/\/blogs.gm.fh-koeln.de\/bente\/2017\/05\/31\/aufsetzen-des-beispielprojekts-fuer-spring-data-jpa-spring-mvc\/\" >Aufsetzen des Beispielprojekts f\u00fcr Spring Data JPA + Spring MVC<\/a><\/li><\/div><\/div><div class=\"tpg-get-posts-post\" ><div class=\"tpg-title-class\"><li><a href=\"http:\/\/blogs.gm.fh-koeln.de\/bente\/2017\/05\/11\/aufsetzen-von-spring-data-jpa-mit-beispielprojekt\/\" >Aufsetzen von Spring Data JPA, mit Beispielprojekt<\/a><\/li><\/div><\/div><div class=\"tpg-get-posts-post\" ><div class=\"tpg-title-class\"><li><a href=\"http:\/\/blogs.gm.fh-koeln.de\/bente\/2017\/03\/22\/softwaretechnik-1-klausur-am-7-4-probeaufgaben-sprechstunde\/\" >ST1 (WS16\/17): Klausur am 7.4. &#8211; Probeaufgaben \/ Sprechstunde<\/a><\/li><\/div><\/div><div class=\"tpg-get-posts-post\" ><div class=\"tpg-title-class\"><li><a href=\"http:\/\/blogs.gm.fh-koeln.de\/bente\/2017\/03\/10\/qq2-projekt-sammeln-von-softwaretechnik2-quizfragen\/\" >ST2 (SS17): QQ2-Projekt zum Sammeln von Softwaretechnik2-Quizfragen<\/a><\/li><\/div><\/div><div class=\"tpg-get-posts-post\" ><div class=\"tpg-title-class\"><li><a href=\"http:\/\/blogs.gm.fh-koeln.de\/bente\/2017\/02\/09\/qq-projekt-anforderungen-fuer-das-fallstudien-modul-von-archilab\/\" >ST: QQ-Projekt &#8222;Anforderungen f\u00fcr das Fallstudien-Modul von ArchiLab&#8220;<\/a><\/li><\/div><\/div><div class=\"tpg-get-posts-post\" ><div class=\"tpg-title-class\"><li><a href=\"http:\/\/blogs.gm.fh-koeln.de\/bente\/2017\/02\/09\/qq-projekt-quizfragen-und-learning-outcomes-von-st2-ss1617\/\" >ST2 (SS16): QQ-Projekt &#8222;Quizfragen und Learning Outcomes&#8220;<\/a><\/li><\/div><\/div><div class=\"tpg-get-posts-post\" ><div class=\"tpg-title-class\"><li><a href=\"http:\/\/blogs.gm.fh-koeln.de\/bente\/2017\/02\/08\/qq-projekt-quizfragen-und-learning-outcomes-von-st1-ws1617\/\" >ST1 (WS16\/17): Angebot f\u00fcr QQ-Projekt &#8222;Quizfragen und Learning Outcomes in ST1&#8220;<\/a><\/li><\/div><\/div><div class=\"tpg-get-posts-post\" ><div class=\"tpg-title-class\"><li><a href=\"http:\/\/blogs.gm.fh-koeln.de\/bente\/2016\/11\/30\/ergebnisse-des-teaching-analysis-poll-tap-in-st-1\/\" >ST1 (WS16\/17): Ergebnisse des Teaching Analysis Poll (TAP)<\/a><\/li><\/div><\/div><div class=\"tpg-get-posts-post\" ><div class=\"tpg-title-class\"><li><a href=\"http:\/\/blogs.gm.fh-koeln.de\/bente\/2016\/11\/01\/hinweise-zum-uml-tool-modelio-und-zu-uml-allgemein\/\" >Hinweise zum UML-Tool Modelio und zu UML allgemein<\/a><\/li><\/div><\/div><div class=\"tpg-get-posts-post\" ><div class=\"tpg-title-class\"><li><a href=\"http:\/\/blogs.gm.fh-koeln.de\/bente\/2016\/09\/22\/muendliche-pruefungen-in-softwaretechnik-2-und-softwaretechnik-1\/\" >ST2 (SS16), ST1 (WS15\/16): M\u00fcndliche Pr\u00fcfungen<\/a><\/li><\/div><\/div><div class=\"tpg-get-posts-post\" ><div class=\"tpg-title-class\"><li><a href=\"http:\/\/blogs.gm.fh-koeln.de\/bente\/2016\/06\/11\/ergebnis-der-feedback-umfrage-in-softwaretechnik-2\/\" >ST2 (SS16): Ergebnis der Feedback-Umfrage in Softwaretechnik 2<\/a><\/li><\/div><\/div><div class=\"tpg-get-posts-post\" ><div class=\"tpg-title-class\"><li><a href=\"http:\/\/blogs.gm.fh-koeln.de\/bente\/2016\/04\/02\/anerkennung-von-st2-praktikumsleistungen-bei-prof-dr-jochum\/\" >Anerkennung von ST2-Praktikumsleistungen bei Prof. Dr. Jochum<\/a><\/li><\/div><\/div><div class=\"tpg-get-posts-post\" ><div class=\"tpg-title-class\"><li><a href=\"http:\/\/blogs.gm.fh-koeln.de\/bente\/2015\/12\/15\/ergebnisse-des-teaching-analysis-poll-tap-fuer-st1\/\" >ST1 (WS15\/16): Ergebnisse des Teaching Analysis Poll (TAP)<\/a><\/li><\/div><\/div><div class=\"tpg-get-posts-post\" ><div class=\"tpg-title-class\"><li><a href=\"http:\/\/blogs.gm.fh-koeln.de\/bente\/2015\/11\/29\/uml-editor-modelio-hierarchisch-geschachtelte-aktivitaeten-in-uml-aktivitaetsdiagrammen\/\" >UML-Editor Modelio: Hierarchisch geschachtelte Aktivit\u00e4ten in UML-Aktivit\u00e4tsdiagrammen<\/a><\/li><\/div><\/div><div class=\"tpg-get-posts-post\" ><div class=\"tpg-title-class\"><li><a href=\"http:\/\/blogs.gm.fh-koeln.de\/bente\/2015\/11\/29\/ab-modelio-3-4-1-wie-schalte-ich-das-laestige-autolayout-feature-ab\/\" >Ab Modelio 3.4.1: Wie schalte ich das l\u00e4stige &#8222;Autolayout&#8220;-Feature ab<\/a><\/li><\/div><\/div><div class=\"tpg-get-posts-post\" ><div class=\"tpg-title-class\"><li><a href=\"http:\/\/blogs.gm.fh-koeln.de\/bente\/2015\/11\/06\/anrechnung-von-praktikumsteilnahmen-aus-frueheren-st1-veranstaltungen\/\" >Anrechnung von Praktikumsteilnahmen aus fr\u00fcheren ST1-Veranstaltungen<\/a><\/li><\/div><\/div><div class=\"tpg-get-posts-post\" ><div class=\"tpg-title-class\"><li><a href=\"http:\/\/blogs.gm.fh-koeln.de\/bente\/2015\/11\/05\/einige-tips-fuer-erstellung-eines-logischen-datenmodells-mit-modelio\/\" >Einige Tips f\u00fcr Erstellung eines logischen Datenmodells mit Modelio<\/a><\/li><\/div><\/div><div class=\"tpg-get-posts-post\" ><div class=\"tpg-title-class\"><li><a href=\"http:\/\/blogs.gm.fh-koeln.de\/bente\/2015\/05\/01\/installationsanleitung-fuer-den-uml-editor-papyrus\/\" >Installationsanleitung f\u00fcr den UML-Editor Papyrus<\/a><\/li><\/div><\/div><\/div><!-- #tpg-get-posts -->\n","protected":false},"excerpt":{"rendered":"<p>Softwaretechnik ist eine zweisemestrige Pflichtvorlesung im Informatik Bachelor (3. und 4. Semester). Softwaretechnik 1 (ST1) wird im Wintersemester angeboten und\u00a0besteht aus folgenden Bestandteilen: Vorlesung mit 2 SWS (Mo 9:00 &#8211; 11:00, Raum 0502) Praktikum mit 2 SWS in Gruppen (buchbare Pr\u00e4senztermine je nach Gruppe). Softwaretechnik 2 wird im Sommersemester angeboten\u00a0und\u00a0besteht aus folgenden Bestandteilen: Vorlesung mit&#8230;  <a href=\"http:\/\/blogs.gm.fh-koeln.de\/bente\/lehre\/softwaretechnik-1\/\" class=\"more-link\" title=\"Read Softwaretechnik (ST1, ST2)\"><?php _e(\"Read more &raquo;\",\"wpbootstrap\"); ?><\/a><\/p>\n","protected":false},"author":39,"featured_media":0,"parent":55,"menu_order":0,"comment_status":"closed","ping_status":"closed","template":"","meta":{"_acf_changed":false,"footnotes":""},"class_list":["post-504","page","type-page","status-publish","hentry"],"acf":[],"_links":{"self":[{"href":"http:\/\/blogs.gm.fh-koeln.de\/bente\/wp-json\/wp\/v2\/pages\/504","targetHints":{"allow":["GET"]}}],"collection":[{"href":"http:\/\/blogs.gm.fh-koeln.de\/bente\/wp-json\/wp\/v2\/pages"}],"about":[{"href":"http:\/\/blogs.gm.fh-koeln.de\/bente\/wp-json\/wp\/v2\/types\/page"}],"author":[{"embeddable":true,"href":"http:\/\/blogs.gm.fh-koeln.de\/bente\/wp-json\/wp\/v2\/users\/39"}],"replies":[{"embeddable":true,"href":"http:\/\/blogs.gm.fh-koeln.de\/bente\/wp-json\/wp\/v2\/comments?post=504"}],"version-history":[{"count":21,"href":"http:\/\/blogs.gm.fh-koeln.de\/bente\/wp-json\/wp\/v2\/pages\/504\/revisions"}],"predecessor-version":[{"id":1595,"href":"http:\/\/blogs.gm.fh-koeln.de\/bente\/wp-json\/wp\/v2\/pages\/504\/revisions\/1595"}],"up":[{"embeddable":true,"href":"http:\/\/blogs.gm.fh-koeln.de\/bente\/wp-json\/wp\/v2\/pages\/55"}],"wp:attachment":[{"href":"http:\/\/blogs.gm.fh-koeln.de\/bente\/wp-json\/wp\/v2\/media?parent=504"}],"curies":[{"name":"wp","href":"https:\/\/api.w.org\/{rel}","templated":true}]}}