


{"id":1710,"date":"2019-03-22T08:38:48","date_gmt":"2019-03-22T07:38:48","guid":{"rendered":"http:\/\/blogs.gm.fh-koeln.de\/bente\/?page_id=1710"},"modified":"2019-03-22T11:37:13","modified_gmt":"2019-03-22T10:37:13","slug":"praxisprojekte","status":"publish","type":"page","link":"http:\/\/blogs.gm.fh-koeln.de\/bente\/projekte-und-jobs\/praxisprojekte\/","title":{"rendered":"Praxisprojekte"},"content":{"rendered":"<p class=\"lead\">Wenn Sie bei mir ein Praxisprojekt (Informatik Bachelor, oder andere BA-Studieng\u00e4nge) absolvieren m\u00f6chten, dann k\u00f6nnen Sie gern selbst mit einem Vorschlag zu mir kommen. Das ist \u00fcblicherweise im Kontext einer Firma, f\u00fcr die Sie t\u00e4tig sind, oder zu der Sie Kontakt haben. Es kann aber auch ein anderer Kontext sein &#8211; ein eigenes Startup, eine sonstige eigene Initiative (die vielleicht einmal in ein Open-Source-Projekt m\u00fcndet), oder ein formal definiertes oder informelles Forschungsvorhaben, in dessen Rahmen Sie dann auch Ihre Bachelorarbeit schreiben k\u00f6nnen.<\/p>\n<ul>\n<li>Wie sich aus meiner Sicht Bachelorarbeit und Praxisprojekt zu einander verhalten k\u00f6nnen, und welche <a href=\"http:\/\/blogs.gm.fh-koeln.de\/bente\/2018\/08\/29\/anforderungen-an-den-projektbericht-eines-von-mir-betreuten-ai-mi-oder-wi-praxisprojekts\/\">Anforderungen ich an einen PP-Bericht stelle, habe ich hier zusammengefasst<\/a>.<\/li>\n<li>In diesem Blogpost ist beschrieben, <a href=\"http:\/\/blogs.gm.fh-koeln.de\/bente\/2019\/03\/22\/bewertung-von-praxisprojekten\/\">wie ich ein Praxisprojekt bewerte<\/a>.<\/li>\n<\/ul>\n<p><strong>Wichtig:<\/strong> Vor Beginn des Praxisprojekts f\u00fcllen Sie bitte dieses <a href=\"http:\/\/blogs.gm.fh-koeln.de\/bente\/files\/2019\/03\/Template-Praxisprojekt.docx\" target=\"_blank\" rel=\"noopener\">PP-Template<\/a>\u00a0aus und stimmen es mit mir ab.<\/p>\n<h3>Neuigkeiten \/ aktuelle Angebote f\u00fcr Praxisprojekte<\/h3>\n<div class=\"tpg-get-posts\" ><div class=\"tpg-get-posts-post\" ><div class=\"tpg-title-class\"><li><a href=\"http:\/\/blogs.gm.fh-koeln.de\/bente\/2019\/03\/22\/bewertung-von-praxisprojekten\/\" >Bewertung von Praxisprojekten<\/a><\/li><\/div><\/div><div class=\"tpg-get-posts-post\" ><div class=\"tpg-title-class\"><li><a href=\"http:\/\/blogs.gm.fh-koeln.de\/bente\/2019\/01\/16\/praxisprojekt-seminar-informatik-bachelor-in-vertretung-von-prof-klocke\/\" >Praxisprojekt-Seminar &#8222;Informatik Bachelor&#8220; in Vertretung von Prof. Klocke<\/a><\/li><\/div><\/div><div class=\"tpg-get-posts-post\" ><div class=\"tpg-title-class\"><li><a href=\"http:\/\/blogs.gm.fh-koeln.de\/bente\/2018\/08\/29\/anforderungen-an-den-projektbericht-eines-von-mir-betreuten-ai-mi-oder-wi-praxisprojekts\/\" >Anforderungen an den Projektbericht eines von mir betreuten AI-, MI- oder WI-Praxisprojekts<\/a><\/li><\/div><\/div><div class=\"tpg-get-posts-post\" ><div class=\"tpg-title-class\"><li><a href=\"http:\/\/blogs.gm.fh-koeln.de\/bente\/2018\/02\/23\/interesse-an-archilab-projekten-focus-microservices\/\" >Interesse an ArchiLab-Projekten (Focus: Microservices)?<\/a><\/li><\/div><\/div><div class=\"tpg-get-posts-post\" ><div class=\"tpg-title-class\"><li><a href=\"http:\/\/blogs.gm.fh-koeln.de\/bente\/2017\/10\/23\/ppbama-online-quiz-fuer-bloomsche-taxonomiestufe-2\/\" >PP\/BA\/MA: Online-Quiz f\u00fcr Bloom&#8217;sche Taxonomiestufen h\u00f6her als 2<\/a><\/li><\/div><\/div><\/div><!-- #tpg-get-posts -->\n","protected":false},"excerpt":{"rendered":"<p>Wenn Sie bei mir ein Praxisprojekt (Informatik Bachelor, oder andere BA-Studieng\u00e4nge) absolvieren m\u00f6chten, dann k\u00f6nnen Sie gern selbst mit einem Vorschlag zu mir kommen. Das ist \u00fcblicherweise im Kontext einer Firma, f\u00fcr die Sie t\u00e4tig sind, oder zu der Sie Kontakt haben. Es kann aber auch ein anderer Kontext sein &#8211; ein eigenes Startup, eine&#8230;  <a href=\"http:\/\/blogs.gm.fh-koeln.de\/bente\/projekte-und-jobs\/praxisprojekte\/\" class=\"more-link\" title=\"Read Praxisprojekte\"><?php _e(\"Read more &raquo;\",\"wpbootstrap\"); ?><\/a><\/p>\n","protected":false},"author":39,"featured_media":0,"parent":430,"menu_order":0,"comment_status":"closed","ping_status":"closed","template":"","meta":{"_acf_changed":false,"footnotes":""},"class_list":["post-1710","page","type-page","status-publish","hentry"],"acf":[],"_links":{"self":[{"href":"http:\/\/blogs.gm.fh-koeln.de\/bente\/wp-json\/wp\/v2\/pages\/1710","targetHints":{"allow":["GET"]}}],"collection":[{"href":"http:\/\/blogs.gm.fh-koeln.de\/bente\/wp-json\/wp\/v2\/pages"}],"about":[{"href":"http:\/\/blogs.gm.fh-koeln.de\/bente\/wp-json\/wp\/v2\/types\/page"}],"author":[{"embeddable":true,"href":"http:\/\/blogs.gm.fh-koeln.de\/bente\/wp-json\/wp\/v2\/users\/39"}],"replies":[{"embeddable":true,"href":"http:\/\/blogs.gm.fh-koeln.de\/bente\/wp-json\/wp\/v2\/comments?post=1710"}],"version-history":[{"count":5,"href":"http:\/\/blogs.gm.fh-koeln.de\/bente\/wp-json\/wp\/v2\/pages\/1710\/revisions"}],"predecessor-version":[{"id":1726,"href":"http:\/\/blogs.gm.fh-koeln.de\/bente\/wp-json\/wp\/v2\/pages\/1710\/revisions\/1726"}],"up":[{"embeddable":true,"href":"http:\/\/blogs.gm.fh-koeln.de\/bente\/wp-json\/wp\/v2\/pages\/430"}],"wp:attachment":[{"href":"http:\/\/blogs.gm.fh-koeln.de\/bente\/wp-json\/wp\/v2\/media?parent=1710"}],"curies":[{"name":"wp","href":"https:\/\/api.w.org\/{rel}","templated":true}]}}