


{"id":157,"date":"2015-03-03T14:24:33","date_gmt":"2015-03-03T13:24:33","guid":{"rendered":"http:\/\/lwibs01.gm.fh-koeln.de\/blogs\/bente\/?page_id=157"},"modified":"2017-02-07T18:45:10","modified_gmt":"2017-02-07T17:45:10","slug":"veroeffentlichungen","status":"publish","type":"page","link":"http:\/\/blogs.gm.fh-koeln.de\/bente\/veroeffentlichungen\/","title":{"rendered":"Ver\u00f6ffentlichungen"},"content":{"rendered":"<p class=\"lead\">Nachfolgend die Kurz\u00fcbersicht meiner Vortr\u00e4ge, Artikel und B\u00fccher seit 2008 in chronologisch umgekehrter Reihenfolge.<\/p>\n<div class=\"tpg-get-posts\" ><div class=\"tpg-get-posts-post\" ><div class=\"tpg-title-class\"><h5><a href=\"http:\/\/blogs.gm.fh-koeln.de\/bente\/2018\/10\/12\/dual-zwischenergebnisse-in-der-demenz-musterwohnung-der-aok-vorgestellt\/\" >DUAL-Zwischenergebnisse in der Demenz-Musterwohnung der AOK vorgestellt<\/a><\/h5><\/div><\/div><div class=\"tpg-get-posts-post\" ><div class=\"tpg-title-class\"><h5><a href=\"http:\/\/blogs.gm.fh-koeln.de\/bente\/2018\/07\/04\/vortrag-und-poster-zum-lehr-forschungsprojekt-dual-bei-dites-open-2018\/\" >Vortrag und Poster zum Lehr-\/Forschungsprojekt DUAL bei DiTeS Open 2018<\/a><\/h5><\/div><\/div><div class=\"tpg-get-posts-post\" ><div class=\"tpg-title-class\"><h5><a href=\"http:\/\/blogs.gm.fh-koeln.de\/bente\/2018\/06\/10\/digital-xchange-2018-am-23-juni-am-campus-gummersbach\/\" >Digital XChange 2018 am 23. Juni am Campus Gummersbach!<\/a><\/h5><\/div><\/div><div class=\"tpg-get-posts-post\" ><div class=\"tpg-title-class\"><h5><a href=\"http:\/\/blogs.gm.fh-koeln.de\/bente\/2018\/06\/08\/vortrag-beim-viadee-roundtable-zu-den-lehr-forschungsprojekten-mit-praxisbezug\/\" >Vortrag beim Viadee Roundtable zu den Lehr-\/Forschungsprojekten mit Praxisbezug<\/a><\/h5><\/div><\/div><div class=\"tpg-get-posts-post\" ><div class=\"tpg-title-class\"><h5><a href=\"http:\/\/blogs.gm.fh-koeln.de\/bente\/2018\/02\/28\/vortrag-dghd2018-gefangen-in-der-lehr-und-lernmaschine-wo-bleibt-new-work-in-der-hochschullehre\/\" >Vortrag dghd2018: Gefangen in der Lehr- und Lernmaschine \u2013 wo bleibt \u201eNew Work\u201c in der Hochschullehre?<\/a><\/h5><\/div><\/div><div class=\"tpg-get-posts-post\" ><div class=\"tpg-title-class\"><h5><a href=\"http:\/\/blogs.gm.fh-koeln.de\/bente\/2017\/11\/04\/webinar-rapid-iot-prototyping-am-praxisbeispiel-einer-versicherung\/\" >GP SS17_B05\/06: Webinar Bente &amp; B\u00f6hmer zu &#8222;Rapid IoT Prototyping am Praxisbeispiel einer Versicherung&#8220;<\/a><\/h5><\/div><\/div><div class=\"tpg-get-posts-post\" ><div class=\"tpg-title-class\"><h5><a href=\"http:\/\/blogs.gm.fh-koeln.de\/bente\/2017\/09\/22\/vortrag-gvdk-jahreskonferenz-2017-die-fraktale-organisation\/\" >Vortrag &#8222;Die fraktale Organisation&#8220; auf der GVDK Jahreskonferenz 2017<\/a><\/h5><\/div><\/div><div class=\"tpg-get-posts-post\" ><div class=\"tpg-title-class\"><h5><a href=\"http:\/\/blogs.gm.fh-koeln.de\/bente\/2017\/09\/11\/vortrag-zwischen-innovativer-freiheit-und-zufallsarchitektur\/\" >Vortrag &#8222;Zwischen innovativer Freiheit und Zufallsarchitektur&#8220;<\/a><\/h5><\/div><\/div><div class=\"tpg-get-posts-post\" ><div class=\"tpg-title-class\"><h5><a href=\"http:\/\/blogs.gm.fh-koeln.de\/bente\/2016\/05\/04\/beitrag-im-cio-handbuch-bd-4-veroeffentlicht\/\" >Beitrag im CIO-Handbuch (Bd. 4) ver\u00f6ffentlicht<\/a><\/h5><\/div><\/div><div class=\"tpg-get-posts-post\" ><div class=\"tpg-title-class\"><h5><a href=\"http:\/\/blogs.gm.fh-koeln.de\/bente\/2016\/02\/04\/vortrag-auf-der-oop-2016-ja-hoert-mir-denn-keiner-zu-was-enterprise-architekten-erreichen-koennen-und-was-nicht\/\" >Vortrag auf der OOP 2016: Ja, h\u00f6rt mir denn keiner zu?!  Was Enterprise-Architekten erreichen k\u00f6nnen (und was nicht)<\/a><\/h5><\/div><\/div><div class=\"tpg-get-posts-post\" ><div class=\"tpg-title-class\"><h5><a href=\"http:\/\/blogs.gm.fh-koeln.de\/bente\/2015\/11\/26\/lean-eam-als-vernetzungs-werkzeug-einer-nachhaltigen-it-change-und-releaseplanung\/\" >Lean EAM als Vernetzungs-Werkzeug einer nachhaltigen IT-Change- und Releaseplanung<\/a><\/h5><\/div><\/div><div class=\"tpg-get-posts-post\" ><div class=\"tpg-title-class\"><h5><a href=\"http:\/\/blogs.gm.fh-koeln.de\/bente\/2015\/01\/28\/oop-2015-lean-eam-leichtgewichtiges-architekturmanagement\/\" >Lean EAM \u2013 Leichtgewichtiges Architekturmanagement<\/a><\/h5><\/div><\/div><div class=\"tpg-get-posts-post\" ><div class=\"tpg-title-class\"><h5><a href=\"http:\/\/blogs.gm.fh-koeln.de\/bente\/2014\/11\/17\/dem-elfenbeinturm-keine-chance-agile-und-kollaborative-ansaetze-im-eam-2014\/\" >Dem Elfenbeinturm keine Chance<\/a><\/h5><\/div><\/div><div class=\"tpg-get-posts-post\" ><div class=\"tpg-title-class\"><h5><a href=\"http:\/\/blogs.gm.fh-koeln.de\/bente\/2014\/03\/31\/kollaborative-enterprise-architektur-managementwerkzeug-fuer-komplexe-it-systeme\/\" >Kollaborative Enterprise-Architektur \u2013 Managementwerkzeug f\u00fcr komplexe IT-Systeme.<\/a><\/h5><\/div><\/div><div class=\"tpg-get-posts-post\" ><div class=\"tpg-title-class\"><h5><a href=\"http:\/\/blogs.gm.fh-koeln.de\/bente\/2013\/09\/04\/vortrag-nie-wieder-raten-so-funktioniert-professionelle-software-aufwandsschaetzung\/\" >Nie wieder raten &#8211; so funktioniert professionelle Software-Aufwandssch\u00e4tzung<\/a><\/h5><\/div><\/div><div class=\"tpg-get-posts-post\" ><div class=\"tpg-title-class\"><h5><a href=\"http:\/\/blogs.gm.fh-koeln.de\/bente\/2013\/04\/04\/vortrag-eam-nur-etwas-fuer-die-ganz-grossen-2013\/\" >EAM \u2013 nur etwas f\u00fcr die ganz Gro\u00dfen?<\/a><\/h5><\/div><\/div><div class=\"tpg-get-posts-post\" ><div class=\"tpg-title-class\"><h5><a href=\"http:\/\/blogs.gm.fh-koeln.de\/bente\/2012\/10\/23\/lean-and-agile-enterprise-architecture\/\" >Lean and Agile Enterprise Architecture<\/a><\/h5><\/div><\/div><div class=\"tpg-get-posts-post\" ><div class=\"tpg-title-class\"><h5><a href=\"http:\/\/blogs.gm.fh-koeln.de\/bente\/2012\/10\/10\/vortrag-anwendung-agiler-ansaetze-in-der-strategischen-it-planung-2012-manageagile\/\" >Anwendung agiler Ans\u00e4tze in der strategischen IT-Planung<\/a><\/h5><\/div><\/div><div class=\"tpg-get-posts-post\" ><div class=\"tpg-title-class\"><h5><a href=\"http:\/\/blogs.gm.fh-koeln.de\/bente\/2012\/09\/25\/enterprise-architektur-schlank-und-flexibel\/\" >Enterprise-Architektur \u2013 schlank und flexibel<\/a><\/h5><\/div><\/div><div class=\"tpg-get-posts-post\" ><div class=\"tpg-title-class\"><h5><a href=\"http:\/\/blogs.gm.fh-koeln.de\/bente\/2012\/09\/03\/collaborative-enterprise-architecture\/\" >Collaborative Enterprise Architecture<\/a><\/h5><\/div><\/div><div class=\"tpg-get-posts-post\" ><div class=\"tpg-title-class\"><h5><a href=\"http:\/\/blogs.gm.fh-koeln.de\/bente\/2012\/08\/12\/nie-mehr-spezifizieren-missverstaendnisse-und-moeglichkeiten-agiler-architektur\/\" >Nie mehr spezifizieren? Missverst\u00e4ndnisse und M\u00f6glichkeiten agiler Architektur.<\/a><\/h5><\/div><\/div><div class=\"tpg-get-posts-post\" ><div class=\"tpg-title-class\"><h5><a href=\"http:\/\/blogs.gm.fh-koeln.de\/bente\/2012\/04\/05\/das-reich-der-1000-inseln-integrierbarkeit-von-benutzerschnittstellen-ein-haeufig-unterschaetztes-problem\/\" >Das Reich der 1000 Inseln: Integrierbarkeit von Benutzerschnittstellen \u2013 ein h\u00e4ufig untersch\u00e4tztes Problem<\/a><\/h5><\/div><\/div><div class=\"tpg-get-posts-post\" ><div class=\"tpg-title-class\"><h5><a href=\"http:\/\/blogs.gm.fh-koeln.de\/bente\/2011\/09\/15\/enterprise-architektur-als-grundlage-fuer-eine-effiziente-und-effektive-it\/\" >Enterprise-Architektur als Grundlage f\u00fcr eine effiziente und effektive IT<\/a><\/h5><\/div><\/div><div class=\"tpg-get-posts-post\" ><div class=\"tpg-title-class\"><h5><a href=\"http:\/\/blogs.gm.fh-koeln.de\/bente\/2011\/08\/05\/grundlagen-der-software-aufwandsschaetzung\/\" >Grundlagen der Software-Aufwandssch\u00e4tzung<\/a><\/h5><\/div><\/div><div class=\"tpg-get-posts-post\" ><div class=\"tpg-title-class\"><h5><a href=\"http:\/\/blogs.gm.fh-koeln.de\/bente\/2011\/02\/05\/the-presales-process-and-the-software-architects-role-in-it\/\" >The presales process and the software architect\u2019s role in it<\/a><\/h5><\/div><\/div><div class=\"tpg-get-posts-post\" ><div class=\"tpg-title-class\"><h5><a href=\"http:\/\/blogs.gm.fh-koeln.de\/bente\/2010\/06\/05\/applying-scrum-and-xp-in-an-enterprise-context\/\" >Applying Scrum and XP in an Enterprise Context<\/a><\/h5><\/div><\/div><div class=\"tpg-get-posts-post\" ><div class=\"tpg-title-class\"><h5><a href=\"http:\/\/blogs.gm.fh-koeln.de\/bente\/2010\/04\/05\/open-source-in-the-enterprise-it-landscape\/\" >Open Source in the Enterprise IT Landscape<\/a><\/h5><\/div><\/div><div class=\"tpg-get-posts-post\" ><div class=\"tpg-title-class\"><h5><a href=\"http:\/\/blogs.gm.fh-koeln.de\/bente\/2009\/11\/05\/web-2-0-and-enterprise-2-0-concept-and-business-impact\/\" >Web 2.0 and Enterprise 2.0: Concept and Business Impact<\/a><\/h5><\/div><\/div><div class=\"tpg-get-posts-post\" ><div class=\"tpg-title-class\"><h5><a href=\"http:\/\/blogs.gm.fh-koeln.de\/bente\/2009\/11\/05\/technology-foundation-for-web-applications\/\" >Technology Foundation for Web Applications<\/a><\/h5><\/div><\/div><div class=\"tpg-get-posts-post\" ><div class=\"tpg-title-class\"><h5><a href=\"http:\/\/blogs.gm.fh-koeln.de\/bente\/2009\/09\/05\/enterprise-social-network-platforms-as-a-management-tool-in-complex-technical-systems\/\" >Enterprise Social Network Platforms as a Management Tool in Complex Technical Systems<\/a><\/h5><\/div><\/div><\/div><!-- #tpg-get-posts -->\n","protected":false},"excerpt":{"rendered":"<p>Nachfolgend die Kurz\u00fcbersicht meiner Vortr\u00e4ge, Artikel und B\u00fccher seit 2008 in chronologisch umgekehrter Reihenfolge.<\/p>\n","protected":false},"author":39,"featured_media":0,"parent":0,"menu_order":0,"comment_status":"closed","ping_status":"closed","template":"","meta":{"_acf_changed":false,"footnotes":""},"class_list":["post-157","page","type-page","status-publish","hentry"],"acf":[],"_links":{"self":[{"href":"http:\/\/blogs.gm.fh-koeln.de\/bente\/wp-json\/wp\/v2\/pages\/157","targetHints":{"allow":["GET"]}}],"collection":[{"href":"http:\/\/blogs.gm.fh-koeln.de\/bente\/wp-json\/wp\/v2\/pages"}],"about":[{"href":"http:\/\/blogs.gm.fh-koeln.de\/bente\/wp-json\/wp\/v2\/types\/page"}],"author":[{"embeddable":true,"href":"http:\/\/blogs.gm.fh-koeln.de\/bente\/wp-json\/wp\/v2\/users\/39"}],"replies":[{"embeddable":true,"href":"http:\/\/blogs.gm.fh-koeln.de\/bente\/wp-json\/wp\/v2\/comments?post=157"}],"version-history":[{"count":10,"href":"http:\/\/blogs.gm.fh-koeln.de\/bente\/wp-json\/wp\/v2\/pages\/157\/revisions"}],"predecessor-version":[{"id":871,"href":"http:\/\/blogs.gm.fh-koeln.de\/bente\/wp-json\/wp\/v2\/pages\/157\/revisions\/871"}],"wp:attachment":[{"href":"http:\/\/blogs.gm.fh-koeln.de\/bente\/wp-json\/wp\/v2\/media?parent=157"}],"curies":[{"name":"wp","href":"https:\/\/api.w.org\/{rel}","templated":true}]}}